{"id":6,"date":"2025-11-26T15:23:15","date_gmt":"2025-11-26T18:23:15","guid":{"rendered":"https:\/\/projetoslayerup.com.br\/comunix\/?page_id=6"},"modified":"2026-04-01T11:31:18","modified_gmt":"2026-04-01T14:31:18","slug":"home","status":"publish","type":"page","link":"https:\/\/projetoslayerup.com.br\/comunix\/","title":{"rendered":"Home"},"content":{"rendered":"","protected":false},"excerpt":{"rendered":"","protected":false},"author":1,"featured_media":0,"parent":0,"menu_order":0,"comment_status":"closed","ping_status":"closed","template":"pages\/page-home.php","meta":{"_acf_changed":false,"inline_featured_image":false,"footnotes":""},"class_list":["post-6","page","type-page","status-publish","hentry"],"acf":[],"yoast_head":"<!-- This site is optimized with the Yoast SEO plugin v27.3 - https:\/\/yoast.com\/product\/yoast-seo-wordpress\/ -->\n<title>Home - Comunix Plataforma de benef\u00edcios corporativos inovadora | Comunix<\/title>\n<meta name=\"description\" content=\"Benef\u00edcios corporativos em uma plataforma especializada: \u00e9 isso que voc\u00ea encontra na Comunix. Transforme seu neg\u00f3cio de dentro para fora!\" \/>\n<meta name=\"robots\" content=\"noindex, follow, max-snippet:-1, max-image-preview:large, max-video-preview:-1\" \/>\n<meta property=\"og:locale\" content=\"pt_BR\" \/>\n<meta property=\"og:type\" content=\"article\" \/>\n<meta property=\"og:title\" content=\"Home - Comunix Plataforma de benef\u00edcios corporativos inovadora | Comunix\" \/>\n<meta property=\"og:description\" content=\"Benef\u00edcios corporativos em uma plataforma especializada: \u00e9 isso que voc\u00ea encontra na Comunix. Transforme seu neg\u00f3cio de dentro para fora!\" \/>\n<meta property=\"og:url\" content=\"https:\/\/projetoslayerup.com.br\/comunix\/\" \/>\n<meta property=\"og:site_name\" content=\"Comunix\" \/>\n<meta property=\"article:modified_time\" content=\"2026-04-01T14:31:18+00:00\" \/>\n<meta name=\"twitter:card\" content=\"summary_large_image\" \/>\n<script type=\"application\/ld+json\" class=\"yoast-schema-graph\">{\"@context\":\"https:\\\/\\\/schema.org\",\"@graph\":[{\"@type\":\"WebPage\",\"@id\":\"https:\\\/\\\/projetoslayerup.com.br\\\/comunix\\\/\",\"url\":\"https:\\\/\\\/projetoslayerup.com.br\\\/comunix\\\/\",\"name\":\"Home - Comunix Plataforma de benef\u00edcios corporativos inovadora | Comunix\",\"isPartOf\":{\"@id\":\"https:\\\/\\\/projetoslayerup.com.br\\\/comunix\\\/#website\"},\"datePublished\":\"2025-11-26T18:23:15+00:00\",\"dateModified\":\"2026-04-01T14:31:18+00:00\",\"description\":\"Benef\u00edcios corporativos em uma plataforma especializada: \u00e9 isso que voc\u00ea encontra na Comunix. Transforme seu neg\u00f3cio de dentro para fora!\",\"breadcrumb\":{\"@id\":\"https:\\\/\\\/projetoslayerup.com.br\\\/comunix\\\/#breadcrumb\"},\"inLanguage\":\"pt-BR\",\"potentialAction\":[{\"@type\":\"ReadAction\",\"target\":[\"https:\\\/\\\/projetoslayerup.com.br\\\/comunix\\\/\"]}]},{\"@type\":\"BreadcrumbList\",\"@id\":\"https:\\\/\\\/projetoslayerup.com.br\\\/comunix\\\/#breadcrumb\",\"itemListElement\":[{\"@type\":\"ListItem\",\"position\":1,\"name\":\"In\u00edcio\",\"item\":\"https:\\\/\\\/projetoslayerup.com.br\\\/comunix\\\/\"},{\"@type\":\"ListItem\",\"position\":2,\"name\":\"Home\"}]},{\"@type\":\"WebSite\",\"@id\":\"https:\\\/\\\/projetoslayerup.com.br\\\/comunix\\\/#website\",\"url\":\"https:\\\/\\\/projetoslayerup.com.br\\\/comunix\\\/\",\"name\":\"Comunix\",\"description\":\"\",\"publisher\":{\"@id\":\"https:\\\/\\\/projetoslayerup.com.br\\\/comunix\\\/#organization\"},\"potentialAction\":[{\"@type\":\"SearchAction\",\"target\":{\"@type\":\"EntryPoint\",\"urlTemplate\":\"https:\\\/\\\/projetoslayerup.com.br\\\/comunix\\\/?s={search_term_string}\"},\"query-input\":{\"@type\":\"PropertyValueSpecification\",\"valueRequired\":true,\"valueName\":\"search_term_string\"}}],\"inLanguage\":\"pt-BR\"},{\"@type\":\"Organization\",\"@id\":\"https:\\\/\\\/projetoslayerup.com.br\\\/comunix\\\/#organization\",\"name\":\"Comunix\",\"url\":\"https:\\\/\\\/projetoslayerup.com.br\\\/comunix\\\/\",\"logo\":{\"@type\":\"ImageObject\",\"inLanguage\":\"pt-BR\",\"@id\":\"https:\\\/\\\/projetoslayerup.com.br\\\/comunix\\\/#\\\/schema\\\/logo\\\/image\\\/\",\"url\":\"https:\\\/\\\/projetoslayerup.com.br\\\/comunix\\\/wp-content\\\/uploads\\\/2025\\\/11\\\/logo-comunix.png\",\"contentUrl\":\"https:\\\/\\\/projetoslayerup.com.br\\\/comunix\\\/wp-content\\\/uploads\\\/2025\\\/11\\\/logo-comunix.png\",\"width\":120,\"height\":31,\"caption\":\"Comunix\"},\"image\":{\"@id\":\"https:\\\/\\\/projetoslayerup.com.br\\\/comunix\\\/#\\\/schema\\\/logo\\\/image\\\/\"}}]}<\/script>\n<!-- \/ Yoast SEO plugin. -->","yoast_head_json":{"title":"Home - Comunix Plataforma de benef\u00edcios corporativos inovadora | Comunix","description":"Benef\u00edcios corporativos em uma plataforma especializada: \u00e9 isso que voc\u00ea encontra na Comunix. Transforme seu neg\u00f3cio de dentro para fora!","robots":{"index":"noindex","follow":"follow","max-snippet":"max-snippet:-1","max-image-preview":"max-image-preview:large","max-video-preview":"max-video-preview:-1"},"og_locale":"pt_BR","og_type":"article","og_title":"Home - Comunix Plataforma de benef\u00edcios corporativos inovadora | Comunix","og_description":"Benef\u00edcios corporativos em uma plataforma especializada: \u00e9 isso que voc\u00ea encontra na Comunix. Transforme seu neg\u00f3cio de dentro para fora!","og_url":"https:\/\/projetoslayerup.com.br\/comunix\/","og_site_name":"Comunix","article_modified_time":"2026-04-01T14:31:18+00:00","twitter_card":"summary_large_image","schema":{"@context":"https:\/\/schema.org","@graph":[{"@type":"WebPage","@id":"https:\/\/projetoslayerup.com.br\/comunix\/","url":"https:\/\/projetoslayerup.com.br\/comunix\/","name":"Home - Comunix Plataforma de benef\u00edcios corporativos inovadora | Comunix","isPartOf":{"@id":"https:\/\/projetoslayerup.com.br\/comunix\/#website"},"datePublished":"2025-11-26T18:23:15+00:00","dateModified":"2026-04-01T14:31:18+00:00","description":"Benef\u00edcios corporativos em uma plataforma especializada: \u00e9 isso que voc\u00ea encontra na Comunix. Transforme seu neg\u00f3cio de dentro para fora!","breadcrumb":{"@id":"https:\/\/projetoslayerup.com.br\/comunix\/#breadcrumb"},"inLanguage":"pt-BR","potentialAction":[{"@type":"ReadAction","target":["https:\/\/projetoslayerup.com.br\/comunix\/"]}]},{"@type":"BreadcrumbList","@id":"https:\/\/projetoslayerup.com.br\/comunix\/#breadcrumb","itemListElement":[{"@type":"ListItem","position":1,"name":"In\u00edcio","item":"https:\/\/projetoslayerup.com.br\/comunix\/"},{"@type":"ListItem","position":2,"name":"Home"}]},{"@type":"WebSite","@id":"https:\/\/projetoslayerup.com.br\/comunix\/#website","url":"https:\/\/projetoslayerup.com.br\/comunix\/","name":"Comunix","description":"","publisher":{"@id":"https:\/\/projetoslayerup.com.br\/comunix\/#organization"},"potentialAction":[{"@type":"SearchAction","target":{"@type":"EntryPoint","urlTemplate":"https:\/\/projetoslayerup.com.br\/comunix\/?s={search_term_string}"},"query-input":{"@type":"PropertyValueSpecification","valueRequired":true,"valueName":"search_term_string"}}],"inLanguage":"pt-BR"},{"@type":"Organization","@id":"https:\/\/projetoslayerup.com.br\/comunix\/#organization","name":"Comunix","url":"https:\/\/projetoslayerup.com.br\/comunix\/","logo":{"@type":"ImageObject","inLanguage":"pt-BR","@id":"https:\/\/projetoslayerup.com.br\/comunix\/#\/schema\/logo\/image\/","url":"https:\/\/projetoslayerup.com.br\/comunix\/wp-content\/uploads\/2025\/11\/logo-comunix.png","contentUrl":"https:\/\/projetoslayerup.com.br\/comunix\/wp-content\/uploads\/2025\/11\/logo-comunix.png","width":120,"height":31,"caption":"Comunix"},"image":{"@id":"https:\/\/projetoslayerup.com.br\/comunix\/#\/schema\/logo\/image\/"}}]}},"_links":{"self":[{"href":"https:\/\/projetoslayerup.com.br\/comunix\/wp-json\/wp\/v2\/pages\/6","targetHints":{"allow":["GET"]}}],"collection":[{"href":"https:\/\/projetoslayerup.com.br\/comunix\/wp-json\/wp\/v2\/pages"}],"about":[{"href":"https:\/\/projetoslayerup.com.br\/comunix\/wp-json\/wp\/v2\/types\/page"}],"author":[{"embeddable":true,"href":"https:\/\/projetoslayerup.com.br\/comunix\/wp-json\/wp\/v2\/users\/1"}],"replies":[{"embeddable":true,"href":"https:\/\/projetoslayerup.com.br\/comunix\/wp-json\/wp\/v2\/comments?post=6"}],"version-history":[{"count":40,"href":"https:\/\/projetoslayerup.com.br\/comunix\/wp-json\/wp\/v2\/pages\/6\/revisions"}],"predecessor-version":[{"id":563,"href":"https:\/\/projetoslayerup.com.br\/comunix\/wp-json\/wp\/v2\/pages\/6\/revisions\/563"}],"wp:attachment":[{"href":"https:\/\/projetoslayerup.com.br\/comunix\/wp-json\/wp\/v2\/media?parent=6"}],"curies":[{"name":"wp","href":"https:\/\/api.w.org\/{rel}","templated":true}]}}