{"id":40,"date":"2025-10-14T15:58:36","date_gmt":"2025-10-14T18:58:36","guid":{"rendered":"https:\/\/projetoslayerup.com.br\/get-in\/?page_id=40"},"modified":"2025-12-05T17:20:07","modified_gmt":"2025-12-05T20:20:07","slug":"solucoes-get-in","status":"publish","type":"page","link":"https:\/\/projetoslayerup.com.br\/get-in\/solucoes-get-in\/","title":{"rendered":"Solu\u00e7\u00f5es Get In"},"content":{"rendered":"","protected":false},"excerpt":{"rendered":"","protected":false},"author":1,"featured_media":0,"parent":0,"menu_order":0,"comment_status":"closed","ping_status":"closed","template":"pages\/page-solucoes.php","meta":{"_acf_changed":false,"inline_featured_image":false,"footnotes":""},"class_list":["post-40","page","type-page","status-publish","hentry"],"acf":[],"yoast_head":"<!-- This site is optimized with the Yoast SEO plugin v27.2 - https:\/\/yoast.com\/product\/yoast-seo-wordpress\/ -->\n<title>Get In - Solu\u00e7\u00f5es Get In: controle de reservas online, filas e marketing<\/title>\n<meta name=\"description\" content=\"Otimize sua opera\u00e7\u00e3o com o Get In. Gerencie reservas online, filas e clientes em um s\u00f3 lugar e aumente a lucratividade do seu restaurante.\" \/>\n<meta name=\"robots\" content=\"noindex, follow, max-snippet:-1, max-image-preview:large, max-video-preview:-1\" \/>\n<meta property=\"og:locale\" content=\"pt_BR\" \/>\n<meta property=\"og:type\" content=\"article\" \/>\n<meta property=\"og:title\" content=\"Get In - Solu\u00e7\u00f5es Get In: controle de reservas online, filas e marketing\" \/>\n<meta property=\"og:description\" content=\"Otimize sua opera\u00e7\u00e3o com o Get In. Gerencie reservas online, filas e clientes em um s\u00f3 lugar e aumente a lucratividade do seu restaurante.\" \/>\n<meta property=\"og:url\" content=\"https:\/\/projetoslayerup.com.br\/get-in\/solucoes-get-in\/\" \/>\n<meta property=\"og:site_name\" content=\"Get In\" \/>\n<meta property=\"article:publisher\" content=\"https:\/\/www.facebook.com\/GetInApp\" \/>\n<meta property=\"article:modified_time\" content=\"2025-12-05T20:20:07+00:00\" \/>\n<meta name=\"twitter:card\" content=\"summary_large_image\" \/>\n<script type=\"application\/ld+json\" class=\"yoast-schema-graph\">{\"@context\":\"https:\/\/schema.org\",\"@graph\":[{\"@type\":\"WebPage\",\"@id\":\"https:\/\/projetoslayerup.com.br\/get-in\/solucoes-get-in\/\",\"url\":\"https:\/\/projetoslayerup.com.br\/get-in\/solucoes-get-in\/\",\"name\":\"Get In - Solu\u00e7\u00f5es Get In: controle de reservas online, filas e marketing\",\"isPartOf\":{\"@id\":\"https:\/\/projetoslayerup.com.br\/get-in\/#website\"},\"datePublished\":\"2025-10-14T18:58:36+00:00\",\"dateModified\":\"2025-12-05T20:20:07+00:00\",\"description\":\"Otimize sua opera\u00e7\u00e3o com o Get In. Gerencie reservas online, filas e clientes em um s\u00f3 lugar e aumente a lucratividade do seu restaurante.\",\"breadcrumb\":{\"@id\":\"https:\/\/projetoslayerup.com.br\/get-in\/solucoes-get-in\/#breadcrumb\"},\"inLanguage\":\"pt-BR\",\"potentialAction\":[{\"@type\":\"ReadAction\",\"target\":[\"https:\/\/projetoslayerup.com.br\/get-in\/solucoes-get-in\/\"]}]},{\"@type\":\"BreadcrumbList\",\"@id\":\"https:\/\/projetoslayerup.com.br\/get-in\/solucoes-get-in\/#breadcrumb\",\"itemListElement\":[{\"@type\":\"ListItem\",\"position\":1,\"name\":\"In\u00edcio\",\"item\":\"https:\/\/projetoslayerup.com.br\/get-in\/\"},{\"@type\":\"ListItem\",\"position\":2,\"name\":\"Solu\u00e7\u00f5es Get In\"}]},{\"@type\":\"WebSite\",\"@id\":\"https:\/\/projetoslayerup.com.br\/get-in\/#website\",\"url\":\"https:\/\/projetoslayerup.com.br\/get-in\/\",\"name\":\"Get In para Restaurantes\",\"description\":\"\",\"publisher\":{\"@id\":\"https:\/\/projetoslayerup.com.br\/get-in\/#organization\"},\"potentialAction\":[{\"@type\":\"SearchAction\",\"target\":{\"@type\":\"EntryPoint\",\"urlTemplate\":\"https:\/\/projetoslayerup.com.br\/get-in\/?s={search_term_string}\"},\"query-input\":{\"@type\":\"PropertyValueSpecification\",\"valueRequired\":true,\"valueName\":\"search_term_string\"}}],\"inLanguage\":\"pt-BR\"},{\"@type\":\"Organization\",\"@id\":\"https:\/\/projetoslayerup.com.br\/get-in\/#organization\",\"name\":\"Get In App\",\"url\":\"https:\/\/projetoslayerup.com.br\/get-in\/\",\"logo\":{\"@type\":\"ImageObject\",\"inLanguage\":\"pt-BR\",\"@id\":\"https:\/\/projetoslayerup.com.br\/get-in\/#\/schema\/logo\/image\/\",\"url\":\"https:\/\/projetoslayerup.com.br\/get-in\/wp-content\/uploads\/2025\/10\/logo-header-home-1.png\",\"contentUrl\":\"https:\/\/projetoslayerup.com.br\/get-in\/wp-content\/uploads\/2025\/10\/logo-header-home-1.png\",\"width\":81,\"height\":29,\"caption\":\"Get In App\"},\"image\":{\"@id\":\"https:\/\/projetoslayerup.com.br\/get-in\/#\/schema\/logo\/image\/\"},\"sameAs\":[\"https:\/\/www.facebook.com\/GetInApp\",\"https:\/\/www.instagram.com\/getinoficial\/\",\"https:\/\/www.linkedin.com\/company\/get-in-app\",\"https:\/\/www.youtube.com\/@getinoficial\"]}]}<\/script>\n<!-- \/ Yoast SEO plugin. -->","yoast_head_json":{"title":"Get In - Solu\u00e7\u00f5es Get In: controle de reservas online, filas e marketing","description":"Otimize sua opera\u00e7\u00e3o com o Get In. Gerencie reservas online, filas e clientes em um s\u00f3 lugar e aumente a lucratividade do seu restaurante.","robots":{"index":"noindex","follow":"follow","max-snippet":"max-snippet:-1","max-image-preview":"max-image-preview:large","max-video-preview":"max-video-preview:-1"},"og_locale":"pt_BR","og_type":"article","og_title":"Get In - Solu\u00e7\u00f5es Get In: controle de reservas online, filas e marketing","og_description":"Otimize sua opera\u00e7\u00e3o com o Get In. Gerencie reservas online, filas e clientes em um s\u00f3 lugar e aumente a lucratividade do seu restaurante.","og_url":"https:\/\/projetoslayerup.com.br\/get-in\/solucoes-get-in\/","og_site_name":"Get In","article_publisher":"https:\/\/www.facebook.com\/GetInApp","article_modified_time":"2025-12-05T20:20:07+00:00","twitter_card":"summary_large_image","schema":{"@context":"https:\/\/schema.org","@graph":[{"@type":"WebPage","@id":"https:\/\/projetoslayerup.com.br\/get-in\/solucoes-get-in\/","url":"https:\/\/projetoslayerup.com.br\/get-in\/solucoes-get-in\/","name":"Get In - Solu\u00e7\u00f5es Get In: controle de reservas online, filas e marketing","isPartOf":{"@id":"https:\/\/projetoslayerup.com.br\/get-in\/#website"},"datePublished":"2025-10-14T18:58:36+00:00","dateModified":"2025-12-05T20:20:07+00:00","description":"Otimize sua opera\u00e7\u00e3o com o Get In. Gerencie reservas online, filas e clientes em um s\u00f3 lugar e aumente a lucratividade do seu restaurante.","breadcrumb":{"@id":"https:\/\/projetoslayerup.com.br\/get-in\/solucoes-get-in\/#breadcrumb"},"inLanguage":"pt-BR","potentialAction":[{"@type":"ReadAction","target":["https:\/\/projetoslayerup.com.br\/get-in\/solucoes-get-in\/"]}]},{"@type":"BreadcrumbList","@id":"https:\/\/projetoslayerup.com.br\/get-in\/solucoes-get-in\/#breadcrumb","itemListElement":[{"@type":"ListItem","position":1,"name":"In\u00edcio","item":"https:\/\/projetoslayerup.com.br\/get-in\/"},{"@type":"ListItem","position":2,"name":"Solu\u00e7\u00f5es Get In"}]},{"@type":"WebSite","@id":"https:\/\/projetoslayerup.com.br\/get-in\/#website","url":"https:\/\/projetoslayerup.com.br\/get-in\/","name":"Get In para Restaurantes","description":"","publisher":{"@id":"https:\/\/projetoslayerup.com.br\/get-in\/#organization"},"potentialAction":[{"@type":"SearchAction","target":{"@type":"EntryPoint","urlTemplate":"https:\/\/projetoslayerup.com.br\/get-in\/?s={search_term_string}"},"query-input":{"@type":"PropertyValueSpecification","valueRequired":true,"valueName":"search_term_string"}}],"inLanguage":"pt-BR"},{"@type":"Organization","@id":"https:\/\/projetoslayerup.com.br\/get-in\/#organization","name":"Get In App","url":"https:\/\/projetoslayerup.com.br\/get-in\/","logo":{"@type":"ImageObject","inLanguage":"pt-BR","@id":"https:\/\/projetoslayerup.com.br\/get-in\/#\/schema\/logo\/image\/","url":"https:\/\/projetoslayerup.com.br\/get-in\/wp-content\/uploads\/2025\/10\/logo-header-home-1.png","contentUrl":"https:\/\/projetoslayerup.com.br\/get-in\/wp-content\/uploads\/2025\/10\/logo-header-home-1.png","width":81,"height":29,"caption":"Get In App"},"image":{"@id":"https:\/\/projetoslayerup.com.br\/get-in\/#\/schema\/logo\/image\/"},"sameAs":["https:\/\/www.facebook.com\/GetInApp","https:\/\/www.instagram.com\/getinoficial\/","https:\/\/www.linkedin.com\/company\/get-in-app","https:\/\/www.youtube.com\/@getinoficial"]}]}},"_links":{"self":[{"href":"https:\/\/projetoslayerup.com.br\/get-in\/wp-json\/wp\/v2\/pages\/40","targetHints":{"allow":["GET"]}}],"collection":[{"href":"https:\/\/projetoslayerup.com.br\/get-in\/wp-json\/wp\/v2\/pages"}],"about":[{"href":"https:\/\/projetoslayerup.com.br\/get-in\/wp-json\/wp\/v2\/types\/page"}],"author":[{"embeddable":true,"href":"https:\/\/projetoslayerup.com.br\/get-in\/wp-json\/wp\/v2\/users\/1"}],"replies":[{"embeddable":true,"href":"https:\/\/projetoslayerup.com.br\/get-in\/wp-json\/wp\/v2\/comments?post=40"}],"version-history":[{"count":32,"href":"https:\/\/projetoslayerup.com.br\/get-in\/wp-json\/wp\/v2\/pages\/40\/revisions"}],"predecessor-version":[{"id":1019,"href":"https:\/\/projetoslayerup.com.br\/get-in\/wp-json\/wp\/v2\/pages\/40\/revisions\/1019"}],"wp:attachment":[{"href":"https:\/\/projetoslayerup.com.br\/get-in\/wp-json\/wp\/v2\/media?parent=40"}],"curies":[{"name":"wp","href":"https:\/\/api.w.org\/{rel}","templated":true}]}}