{"id":836,"date":"2025-11-10T10:44:06","date_gmt":"2025-11-10T13:44:06","guid":{"rendered":"https:\/\/projetoslayerup.com.br\/metalife\/?post_type=product&#038;p=836"},"modified":"2025-11-10T10:44:06","modified_gmt":"2025-11-10T13:44:06","slug":"e-estar-presente-concentrado-e-nao-distraido-e-a-mente-que-esculpe-o-corpo","status":"publish","type":"product","link":"https:\/\/projetoslayerup.com.br\/metalife\/product\/e-estar-presente-concentrado-e-nao-distraido-e-a-mente-que-esculpe-o-corpo\/","title":{"rendered":"\u00c9 estar presente, concentrado e n\u00e3o distra\u00eddo. \u00c9 a mente que esculpe o corpo."},"content":{"rendered":"<p>O p\u00f4ster &#8220;\u00c9 estar presente, concentrado e n\u00e3o distra\u00eddo. \u00c9 a mente que esculpe o corpo.&#8221; \u00e9 exclusivo da MetaLife e utiliza diferentes t\u00e9cnicas como fotografia, pintura, ilustra\u00e7\u00e3o e computa\u00e7\u00e3o gr\u00e1fica. Todas as obras foram criadas por artistas de vanguarda e designers especializados.<\/p>\n<p>Ao efetuar a compra da arte acima, voc\u00ea receber\u00e1 um link para fazer o download. O arquivo j\u00e1 vem alta resolu\u00e7\u00e3o, pronto para impress\u00e3o. Impress\u00e3o e emoldura\u00e7\u00e3o \u00e9 por conta do cliente.<\/p>\n<p>Medidas (L x A): 21 x 21 cm<\/p>\n","protected":false},"excerpt":{"rendered":"<p>Decore seu est\u00fadio com artes exclusivas MetaLife.<\/p>\n","protected":false},"featured_media":889,"template":"","meta":{"_acf_changed":false,"inline_featured_image":false},"product_brand":[],"product_cat":[35],"product_tag":[],"class_list":{"0":"post-836","1":"product","2":"type-product","3":"status-publish","4":"has-post-thumbnail","6":"product_cat-decoracao","8":"first","9":"instock","10":"downloadable","11":"virtual","12":"purchasable","13":"product-type-simple"},"acf":[],"yoast_head":"<!-- This site is optimized with the Yoast SEO plugin v27.2 - https:\/\/yoast.com\/product\/yoast-seo-wordpress\/ -->\n<title>\u00c9 estar presente, concentrado e n\u00e3o distra\u00eddo. \u00c9 a mente que esculpe o corpo. - Metalife<\/title>\n<meta name=\"robots\" content=\"noindex, follow, max-snippet:-1, max-image-preview:large, max-video-preview:-1\" \/>\n<meta property=\"og:locale\" content=\"pt_BR\" \/>\n<meta property=\"og:type\" content=\"article\" \/>\n<meta property=\"og:title\" content=\"\u00c9 estar presente, concentrado e n\u00e3o distra\u00eddo. \u00c9 a mente que esculpe o corpo. - Metalife\" \/>\n<meta property=\"og:description\" content=\"Decore seu est\u00fadio com artes exclusivas MetaLife.\" \/>\n<meta property=\"og:url\" content=\"https:\/\/projetoslayerup.com.br\/metalife\/product\/e-estar-presente-concentrado-e-nao-distraido-e-a-mente-que-esculpe-o-corpo\/\" \/>\n<meta property=\"og:site_name\" content=\"Metalife\" \/>\n<meta property=\"article:publisher\" content=\"https:\/\/www.facebook.com\/MetalifePilates\" \/>\n<meta property=\"og:image\" content=\"https:\/\/projetoslayerup.com.br\/metalife\/wp-content\/uploads\/2025\/11\/pmt-32-21x21cm.png\" \/>\n\t<meta property=\"og:image:width\" content=\"510\" \/>\n\t<meta property=\"og:image:height\" content=\"408\" \/>\n\t<meta property=\"og:image:type\" content=\"image\/png\" \/>\n<meta name=\"twitter:card\" content=\"summary_large_image\" \/>\n<script type=\"application\/ld+json\" class=\"yoast-schema-graph\">{\"@context\":\"https:\/\/schema.org\",\"@graph\":[{\"@type\":\"WebPage\",\"@id\":\"https:\/\/projetoslayerup.com.br\/metalife\/product\/e-estar-presente-concentrado-e-nao-distraido-e-a-mente-que-esculpe-o-corpo\/\",\"url\":\"https:\/\/projetoslayerup.com.br\/metalife\/product\/e-estar-presente-concentrado-e-nao-distraido-e-a-mente-que-esculpe-o-corpo\/\",\"name\":\"\u00c9 estar presente, concentrado e n\u00e3o distra\u00eddo. \u00c9 a mente que esculpe o corpo. - Metalife\",\"isPartOf\":{\"@id\":\"https:\/\/projetoslayerup.com.br\/metalife\/#website\"},\"primaryImageOfPage\":{\"@id\":\"https:\/\/projetoslayerup.com.br\/metalife\/product\/e-estar-presente-concentrado-e-nao-distraido-e-a-mente-que-esculpe-o-corpo\/#primaryimage\"},\"image\":{\"@id\":\"https:\/\/projetoslayerup.com.br\/metalife\/product\/e-estar-presente-concentrado-e-nao-distraido-e-a-mente-que-esculpe-o-corpo\/#primaryimage\"},\"thumbnailUrl\":\"https:\/\/projetoslayerup.com.br\/metalife\/wp-content\/uploads\/2025\/11\/pmt-32-21x21cm.png\",\"datePublished\":\"2025-11-10T13:44:06+00:00\",\"breadcrumb\":{\"@id\":\"https:\/\/projetoslayerup.com.br\/metalife\/product\/e-estar-presente-concentrado-e-nao-distraido-e-a-mente-que-esculpe-o-corpo\/#breadcrumb\"},\"inLanguage\":\"pt-BR\",\"potentialAction\":[{\"@type\":\"ReadAction\",\"target\":[\"https:\/\/projetoslayerup.com.br\/metalife\/product\/e-estar-presente-concentrado-e-nao-distraido-e-a-mente-que-esculpe-o-corpo\/\"]}]},{\"@type\":\"ImageObject\",\"inLanguage\":\"pt-BR\",\"@id\":\"https:\/\/projetoslayerup.com.br\/metalife\/product\/e-estar-presente-concentrado-e-nao-distraido-e-a-mente-que-esculpe-o-corpo\/#primaryimage\",\"url\":\"https:\/\/projetoslayerup.com.br\/metalife\/wp-content\/uploads\/2025\/11\/pmt-32-21x21cm.png\",\"contentUrl\":\"https:\/\/projetoslayerup.com.br\/metalife\/wp-content\/uploads\/2025\/11\/pmt-32-21x21cm.png\",\"width\":510,\"height\":408},{\"@type\":\"BreadcrumbList\",\"@id\":\"https:\/\/projetoslayerup.com.br\/metalife\/product\/e-estar-presente-concentrado-e-nao-distraido-e-a-mente-que-esculpe-o-corpo\/#breadcrumb\",\"itemListElement\":[{\"@type\":\"ListItem\",\"position\":1,\"name\":\"In\u00edcio\",\"item\":\"https:\/\/projetoslayerup.com.br\/metalife\/\"},{\"@type\":\"ListItem\",\"position\":2,\"name\":\"Produtos\",\"item\":\"https:\/\/projetoslayerup.com.br\/metalife\/produtos\/\"},{\"@type\":\"ListItem\",\"position\":3,\"name\":\"\u00c9 estar presente, concentrado e n\u00e3o distra\u00eddo. \u00c9 a mente que esculpe o corpo.\"}]},{\"@type\":\"WebSite\",\"@id\":\"https:\/\/projetoslayerup.com.br\/metalife\/#website\",\"url\":\"https:\/\/projetoslayerup.com.br\/metalife\/\",\"name\":\"MetaLife\",\"description\":\"\",\"publisher\":{\"@id\":\"https:\/\/projetoslayerup.com.br\/metalife\/#organization\"},\"potentialAction\":[{\"@type\":\"SearchAction\",\"target\":{\"@type\":\"EntryPoint\",\"urlTemplate\":\"https:\/\/projetoslayerup.com.br\/metalife\/?s={search_term_string}\"},\"query-input\":{\"@type\":\"PropertyValueSpecification\",\"valueRequired\":true,\"valueName\":\"search_term_string\"}}],\"inLanguage\":\"pt-BR\"},{\"@type\":\"Organization\",\"@id\":\"https:\/\/projetoslayerup.com.br\/metalife\/#organization\",\"name\":\"MetaLife\",\"url\":\"https:\/\/projetoslayerup.com.br\/metalife\/\",\"logo\":{\"@type\":\"ImageObject\",\"inLanguage\":\"pt-BR\",\"@id\":\"https:\/\/projetoslayerup.com.br\/metalife\/#\/schema\/logo\/image\/\",\"url\":\"https:\/\/projetoslayerup.com.br\/metalife\/wp-content\/uploads\/2025\/11\/logo-header-blog.png\",\"contentUrl\":\"https:\/\/projetoslayerup.com.br\/metalife\/wp-content\/uploads\/2025\/11\/logo-header-blog.png\",\"width\":180,\"height\":38,\"caption\":\"MetaLife\"},\"image\":{\"@id\":\"https:\/\/projetoslayerup.com.br\/metalife\/#\/schema\/logo\/image\/\"},\"sameAs\":[\"https:\/\/www.facebook.com\/MetalifePilates\",\"https:\/\/www.instagram.com\/metalifepilates\/\",\"https:\/\/br.pinterest.com\/metalifepilates\/\",\"https:\/\/www.linkedin.com\/company\/metalife\"]}]}<\/script>\n<!-- \/ Yoast SEO plugin. -->","yoast_head_json":{"title":"\u00c9 estar presente, concentrado e n\u00e3o distra\u00eddo. \u00c9 a mente que esculpe o corpo. - Metalife","robots":{"index":"noindex","follow":"follow","max-snippet":"max-snippet:-1","max-image-preview":"max-image-preview:large","max-video-preview":"max-video-preview:-1"},"og_locale":"pt_BR","og_type":"article","og_title":"\u00c9 estar presente, concentrado e n\u00e3o distra\u00eddo. \u00c9 a mente que esculpe o corpo. - Metalife","og_description":"Decore seu est\u00fadio com artes exclusivas MetaLife.","og_url":"https:\/\/projetoslayerup.com.br\/metalife\/product\/e-estar-presente-concentrado-e-nao-distraido-e-a-mente-que-esculpe-o-corpo\/","og_site_name":"Metalife","article_publisher":"https:\/\/www.facebook.com\/MetalifePilates","og_image":[{"width":510,"height":408,"url":"https:\/\/projetoslayerup.com.br\/metalife\/wp-content\/uploads\/2025\/11\/pmt-32-21x21cm.png","type":"image\/png"}],"twitter_card":"summary_large_image","schema":{"@context":"https:\/\/schema.org","@graph":[{"@type":"WebPage","@id":"https:\/\/projetoslayerup.com.br\/metalife\/product\/e-estar-presente-concentrado-e-nao-distraido-e-a-mente-que-esculpe-o-corpo\/","url":"https:\/\/projetoslayerup.com.br\/metalife\/product\/e-estar-presente-concentrado-e-nao-distraido-e-a-mente-que-esculpe-o-corpo\/","name":"\u00c9 estar presente, concentrado e n\u00e3o distra\u00eddo. \u00c9 a mente que esculpe o corpo. - Metalife","isPartOf":{"@id":"https:\/\/projetoslayerup.com.br\/metalife\/#website"},"primaryImageOfPage":{"@id":"https:\/\/projetoslayerup.com.br\/metalife\/product\/e-estar-presente-concentrado-e-nao-distraido-e-a-mente-que-esculpe-o-corpo\/#primaryimage"},"image":{"@id":"https:\/\/projetoslayerup.com.br\/metalife\/product\/e-estar-presente-concentrado-e-nao-distraido-e-a-mente-que-esculpe-o-corpo\/#primaryimage"},"thumbnailUrl":"https:\/\/projetoslayerup.com.br\/metalife\/wp-content\/uploads\/2025\/11\/pmt-32-21x21cm.png","datePublished":"2025-11-10T13:44:06+00:00","breadcrumb":{"@id":"https:\/\/projetoslayerup.com.br\/metalife\/product\/e-estar-presente-concentrado-e-nao-distraido-e-a-mente-que-esculpe-o-corpo\/#breadcrumb"},"inLanguage":"pt-BR","potentialAction":[{"@type":"ReadAction","target":["https:\/\/projetoslayerup.com.br\/metalife\/product\/e-estar-presente-concentrado-e-nao-distraido-e-a-mente-que-esculpe-o-corpo\/"]}]},{"@type":"ImageObject","inLanguage":"pt-BR","@id":"https:\/\/projetoslayerup.com.br\/metalife\/product\/e-estar-presente-concentrado-e-nao-distraido-e-a-mente-que-esculpe-o-corpo\/#primaryimage","url":"https:\/\/projetoslayerup.com.br\/metalife\/wp-content\/uploads\/2025\/11\/pmt-32-21x21cm.png","contentUrl":"https:\/\/projetoslayerup.com.br\/metalife\/wp-content\/uploads\/2025\/11\/pmt-32-21x21cm.png","width":510,"height":408},{"@type":"BreadcrumbList","@id":"https:\/\/projetoslayerup.com.br\/metalife\/product\/e-estar-presente-concentrado-e-nao-distraido-e-a-mente-que-esculpe-o-corpo\/#breadcrumb","itemListElement":[{"@type":"ListItem","position":1,"name":"In\u00edcio","item":"https:\/\/projetoslayerup.com.br\/metalife\/"},{"@type":"ListItem","position":2,"name":"Produtos","item":"https:\/\/projetoslayerup.com.br\/metalife\/produtos\/"},{"@type":"ListItem","position":3,"name":"\u00c9 estar presente, concentrado e n\u00e3o distra\u00eddo. \u00c9 a mente que esculpe o corpo."}]},{"@type":"WebSite","@id":"https:\/\/projetoslayerup.com.br\/metalife\/#website","url":"https:\/\/projetoslayerup.com.br\/metalife\/","name":"MetaLife","description":"","publisher":{"@id":"https:\/\/projetoslayerup.com.br\/metalife\/#organization"},"potentialAction":[{"@type":"SearchAction","target":{"@type":"EntryPoint","urlTemplate":"https:\/\/projetoslayerup.com.br\/metalife\/?s={search_term_string}"},"query-input":{"@type":"PropertyValueSpecification","valueRequired":true,"valueName":"search_term_string"}}],"inLanguage":"pt-BR"},{"@type":"Organization","@id":"https:\/\/projetoslayerup.com.br\/metalife\/#organization","name":"MetaLife","url":"https:\/\/projetoslayerup.com.br\/metalife\/","logo":{"@type":"ImageObject","inLanguage":"pt-BR","@id":"https:\/\/projetoslayerup.com.br\/metalife\/#\/schema\/logo\/image\/","url":"https:\/\/projetoslayerup.com.br\/metalife\/wp-content\/uploads\/2025\/11\/logo-header-blog.png","contentUrl":"https:\/\/projetoslayerup.com.br\/metalife\/wp-content\/uploads\/2025\/11\/logo-header-blog.png","width":180,"height":38,"caption":"MetaLife"},"image":{"@id":"https:\/\/projetoslayerup.com.br\/metalife\/#\/schema\/logo\/image\/"},"sameAs":["https:\/\/www.facebook.com\/MetalifePilates","https:\/\/www.instagram.com\/metalifepilates\/","https:\/\/br.pinterest.com\/metalifepilates\/","https:\/\/www.linkedin.com\/company\/metalife"]}]}},"_links":{"self":[{"href":"https:\/\/projetoslayerup.com.br\/metalife\/wp-json\/wp\/v2\/product\/836","targetHints":{"allow":["GET"]}}],"collection":[{"href":"https:\/\/projetoslayerup.com.br\/metalife\/wp-json\/wp\/v2\/product"}],"about":[{"href":"https:\/\/projetoslayerup.com.br\/metalife\/wp-json\/wp\/v2\/types\/product"}],"wp:featuredmedia":[{"embeddable":true,"href":"https:\/\/projetoslayerup.com.br\/metalife\/wp-json\/wp\/v2\/media\/889"}],"wp:attachment":[{"href":"https:\/\/projetoslayerup.com.br\/metalife\/wp-json\/wp\/v2\/media?parent=836"}],"wp:term":[{"taxonomy":"product_brand","embeddable":true,"href":"https:\/\/projetoslayerup.com.br\/metalife\/wp-json\/wp\/v2\/product_brand?post=836"},{"taxonomy":"product_cat","embeddable":true,"href":"https:\/\/projetoslayerup.com.br\/metalife\/wp-json\/wp\/v2\/product_cat?post=836"},{"taxonomy":"product_tag","embeddable":true,"href":"https:\/\/projetoslayerup.com.br\/metalife\/wp-json\/wp\/v2\/product_tag?post=836"}],"curies":[{"name":"wp","href":"https:\/\/api.w.org\/{rel}","templated":true}]}}