{"id":11945,"date":"2021-07-01T13:06:46","date_gmt":"2021-07-01T13:06:46","guid":{"rendered":"http:\/\/smnovo.local\/hub\/como-fazer-da-sala-de-aula-e-a-escola-espacos-de-inclusao\/"},"modified":"2021-07-01T13:06:46","modified_gmt":"2021-07-01T13:06:46","slug":"como-fazer-da-sala-de-aula-e-a-escola-espacos-de-inclusao","status":"publish","type":"hub_conteudo","link":"https:\/\/projetoslayerup.com.br\/smeducacao\/hub\/como-fazer-da-sala-de-aula-e-a-escola-espacos-de-inclusao\/","title":{"rendered":"Como fazer da sala de aula e a escola espa\u00e7os de inclus\u00e3o?"},"content":{"rendered":"","protected":false},"excerpt":{"rendered":"","protected":false},"featured_media":13115,"template":"","meta":{"_acf_changed":false},"tipo_hub":[149],"publico_hub":[1905],"tipo_escola_hub":[1908],"tipo_conteudo_hub":[1914],"class_list":["post-11945","hub_conteudo","type-hub_conteudo","status-publish","has-post-thumbnail","hentry","tipo_hub-ebook","publico_hub-gestor","tipo_escola_hub-escola-publica","tipo_conteudo_hub-aplicar"],"acf":[],"yoast_head":"<!-- This site is optimized with the Yoast SEO plugin v28.3 - https:\/\/yoast.com\/product\/yoast-seo-wordpress\/ -->\n<title>Como fazer da sala de aula e a escola espa\u00e7os de inclus\u00e3o? - SM Educa\u00e7\u00e3o - Juntos cuidamos da educa\u00e7\u00e3o!<\/title>\n<meta name=\"robots\" content=\"noindex, follow, max-snippet:-1, max-image-preview:large, max-video-preview:-1\" \/>\n<meta property=\"og:locale\" content=\"pt_BR\" \/>\n<meta property=\"og:type\" content=\"article\" \/>\n<meta property=\"og:title\" content=\"Como fazer da sala de aula e a escola espa\u00e7os de inclus\u00e3o? - SM Educa\u00e7\u00e3o - Juntos cuidamos da educa\u00e7\u00e3o!\" \/>\n<meta property=\"og:url\" content=\"https:\/\/projetoslayerup.com.br\/smeducacao\/hub\/como-fazer-da-sala-de-aula-e-a-escola-espacos-de-inclusao\/\" \/>\n<meta property=\"og:site_name\" content=\"SM Educa\u00e7\u00e3o - Juntos cuidamos da educa\u00e7\u00e3o!\" \/>\n<meta property=\"og:image\" content=\"https:\/\/projetoslayerup.com.br\/smeducacao\/wp-content\/uploads\/2021\/07\/MOCKUP-Como-fazer-sala-de-aula-e-escola-espacos-de-inclusao.png\" \/>\n\t<meta property=\"og:image:width\" content=\"443\" \/>\n\t<meta property=\"og:image:height\" content=\"610\" \/>\n\t<meta property=\"og:image:type\" content=\"image\/png\" \/>\n<meta name=\"twitter:card\" content=\"summary_large_image\" \/>\n<script type=\"application\/ld+json\" class=\"yoast-schema-graph\">{\"@context\":\"https:\\\/\\\/schema.org\",\"@graph\":[{\"@type\":\"WebPage\",\"@id\":\"https:\\\/\\\/projetoslayerup.com.br\\\/smeducacao\\\/hub\\\/como-fazer-da-sala-de-aula-e-a-escola-espacos-de-inclusao\\\/\",\"url\":\"https:\\\/\\\/projetoslayerup.com.br\\\/smeducacao\\\/hub\\\/como-fazer-da-sala-de-aula-e-a-escola-espacos-de-inclusao\\\/\",\"name\":\"Como fazer da sala de aula e a escola espa\u00e7os de inclus\u00e3o? - SM Educa\u00e7\u00e3o - Juntos cuidamos da educa\u00e7\u00e3o!\",\"isPartOf\":{\"@id\":\"https:\\\/\\\/projetoslayerup.com.br\\\/smeducacao\\\/#website\"},\"primaryImageOfPage\":{\"@id\":\"https:\\\/\\\/projetoslayerup.com.br\\\/smeducacao\\\/hub\\\/como-fazer-da-sala-de-aula-e-a-escola-espacos-de-inclusao\\\/#primaryimage\"},\"image\":{\"@id\":\"https:\\\/\\\/projetoslayerup.com.br\\\/smeducacao\\\/hub\\\/como-fazer-da-sala-de-aula-e-a-escola-espacos-de-inclusao\\\/#primaryimage\"},\"thumbnailUrl\":\"https:\\\/\\\/projetoslayerup.com.br\\\/smeducacao\\\/wp-content\\\/uploads\\\/2021\\\/07\\\/MOCKUP-Como-fazer-sala-de-aula-e-escola-espacos-de-inclusao.png\",\"datePublished\":\"2021-07-01T13:06:46+00:00\",\"breadcrumb\":{\"@id\":\"https:\\\/\\\/projetoslayerup.com.br\\\/smeducacao\\\/hub\\\/como-fazer-da-sala-de-aula-e-a-escola-espacos-de-inclusao\\\/#breadcrumb\"},\"inLanguage\":\"pt-BR\",\"potentialAction\":[{\"@type\":\"ReadAction\",\"target\":[\"https:\\\/\\\/projetoslayerup.com.br\\\/smeducacao\\\/hub\\\/como-fazer-da-sala-de-aula-e-a-escola-espacos-de-inclusao\\\/\"]}]},{\"@type\":\"ImageObject\",\"inLanguage\":\"pt-BR\",\"@id\":\"https:\\\/\\\/projetoslayerup.com.br\\\/smeducacao\\\/hub\\\/como-fazer-da-sala-de-aula-e-a-escola-espacos-de-inclusao\\\/#primaryimage\",\"url\":\"https:\\\/\\\/projetoslayerup.com.br\\\/smeducacao\\\/wp-content\\\/uploads\\\/2021\\\/07\\\/MOCKUP-Como-fazer-sala-de-aula-e-escola-espacos-de-inclusao.png\",\"contentUrl\":\"https:\\\/\\\/projetoslayerup.com.br\\\/smeducacao\\\/wp-content\\\/uploads\\\/2021\\\/07\\\/MOCKUP-Como-fazer-sala-de-aula-e-escola-espacos-de-inclusao.png\",\"width\":443,\"height\":610},{\"@type\":\"BreadcrumbList\",\"@id\":\"https:\\\/\\\/projetoslayerup.com.br\\\/smeducacao\\\/hub\\\/como-fazer-da-sala-de-aula-e-a-escola-espacos-de-inclusao\\\/#breadcrumb\",\"itemListElement\":[{\"@type\":\"ListItem\",\"position\":1,\"name\":\"In\u00edcio\",\"item\":\"https:\\\/\\\/projetoslayerup.com.br\\\/smeducacao\\\/\"},{\"@type\":\"ListItem\",\"position\":2,\"name\":\"Como fazer da sala de aula e a escola espa\u00e7os de inclus\u00e3o?\"}]},{\"@type\":\"WebSite\",\"@id\":\"https:\\\/\\\/projetoslayerup.com.br\\\/smeducacao\\\/#website\",\"url\":\"https:\\\/\\\/projetoslayerup.com.br\\\/smeducacao\\\/\",\"name\":\"SM Educa\u00e7\u00e3o - Juntos cuidamos da educa\u00e7\u00e3o!\",\"description\":\"Transformamos a educa\u00e7\u00e3o por meio de solu\u00e7\u00f5es digitais, solu\u00e7\u00f5es did\u00e1ticas para uma aprendizagem personalizada e solu\u00e7\u00f5es estrat\u00e9gicas eficientes. Juntos cuidamos da Educa\u00e7\u00e3o!\",\"potentialAction\":[{\"@type\":\"SearchAction\",\"target\":{\"@type\":\"EntryPoint\",\"urlTemplate\":\"https:\\\/\\\/projetoslayerup.com.br\\\/smeducacao\\\/?s={search_term_string}\"},\"query-input\":{\"@type\":\"PropertyValueSpecification\",\"valueRequired\":true,\"valueName\":\"search_term_string\"}}],\"inLanguage\":\"pt-BR\"}]}<\/script>\n<!-- \/ Yoast SEO plugin. -->","yoast_head_json":{"title":"Como fazer da sala de aula e a escola espa\u00e7os de inclus\u00e3o? - SM Educa\u00e7\u00e3o - Juntos cuidamos da educa\u00e7\u00e3o!","robots":{"index":"noindex","follow":"follow","max-snippet":"max-snippet:-1","max-image-preview":"max-image-preview:large","max-video-preview":"max-video-preview:-1"},"og_locale":"pt_BR","og_type":"article","og_title":"Como fazer da sala de aula e a escola espa\u00e7os de inclus\u00e3o? - SM Educa\u00e7\u00e3o - Juntos cuidamos da educa\u00e7\u00e3o!","og_url":"https:\/\/projetoslayerup.com.br\/smeducacao\/hub\/como-fazer-da-sala-de-aula-e-a-escola-espacos-de-inclusao\/","og_site_name":"SM Educa\u00e7\u00e3o - Juntos cuidamos da educa\u00e7\u00e3o!","og_image":[{"width":443,"height":610,"url":"https:\/\/projetoslayerup.com.br\/smeducacao\/wp-content\/uploads\/2021\/07\/MOCKUP-Como-fazer-sala-de-aula-e-escola-espacos-de-inclusao.png","type":"image\/png"}],"twitter_card":"summary_large_image","schema":{"@context":"https:\/\/schema.org","@graph":[{"@type":"WebPage","@id":"https:\/\/projetoslayerup.com.br\/smeducacao\/hub\/como-fazer-da-sala-de-aula-e-a-escola-espacos-de-inclusao\/","url":"https:\/\/projetoslayerup.com.br\/smeducacao\/hub\/como-fazer-da-sala-de-aula-e-a-escola-espacos-de-inclusao\/","name":"Como fazer da sala de aula e a escola espa\u00e7os de inclus\u00e3o? - SM Educa\u00e7\u00e3o - Juntos cuidamos da educa\u00e7\u00e3o!","isPartOf":{"@id":"https:\/\/projetoslayerup.com.br\/smeducacao\/#website"},"primaryImageOfPage":{"@id":"https:\/\/projetoslayerup.com.br\/smeducacao\/hub\/como-fazer-da-sala-de-aula-e-a-escola-espacos-de-inclusao\/#primaryimage"},"image":{"@id":"https:\/\/projetoslayerup.com.br\/smeducacao\/hub\/como-fazer-da-sala-de-aula-e-a-escola-espacos-de-inclusao\/#primaryimage"},"thumbnailUrl":"https:\/\/projetoslayerup.com.br\/smeducacao\/wp-content\/uploads\/2021\/07\/MOCKUP-Como-fazer-sala-de-aula-e-escola-espacos-de-inclusao.png","datePublished":"2021-07-01T13:06:46+00:00","breadcrumb":{"@id":"https:\/\/projetoslayerup.com.br\/smeducacao\/hub\/como-fazer-da-sala-de-aula-e-a-escola-espacos-de-inclusao\/#breadcrumb"},"inLanguage":"pt-BR","potentialAction":[{"@type":"ReadAction","target":["https:\/\/projetoslayerup.com.br\/smeducacao\/hub\/como-fazer-da-sala-de-aula-e-a-escola-espacos-de-inclusao\/"]}]},{"@type":"ImageObject","inLanguage":"pt-BR","@id":"https:\/\/projetoslayerup.com.br\/smeducacao\/hub\/como-fazer-da-sala-de-aula-e-a-escola-espacos-de-inclusao\/#primaryimage","url":"https:\/\/projetoslayerup.com.br\/smeducacao\/wp-content\/uploads\/2021\/07\/MOCKUP-Como-fazer-sala-de-aula-e-escola-espacos-de-inclusao.png","contentUrl":"https:\/\/projetoslayerup.com.br\/smeducacao\/wp-content\/uploads\/2021\/07\/MOCKUP-Como-fazer-sala-de-aula-e-escola-espacos-de-inclusao.png","width":443,"height":610},{"@type":"BreadcrumbList","@id":"https:\/\/projetoslayerup.com.br\/smeducacao\/hub\/como-fazer-da-sala-de-aula-e-a-escola-espacos-de-inclusao\/#breadcrumb","itemListElement":[{"@type":"ListItem","position":1,"name":"In\u00edcio","item":"https:\/\/projetoslayerup.com.br\/smeducacao\/"},{"@type":"ListItem","position":2,"name":"Como fazer da sala de aula e a escola espa\u00e7os de inclus\u00e3o?"}]},{"@type":"WebSite","@id":"https:\/\/projetoslayerup.com.br\/smeducacao\/#website","url":"https:\/\/projetoslayerup.com.br\/smeducacao\/","name":"SM Educa\u00e7\u00e3o - Juntos cuidamos da educa\u00e7\u00e3o!","description":"Transformamos a educa\u00e7\u00e3o por meio de solu\u00e7\u00f5es digitais, solu\u00e7\u00f5es did\u00e1ticas para uma aprendizagem personalizada e solu\u00e7\u00f5es estrat\u00e9gicas eficientes. Juntos cuidamos da Educa\u00e7\u00e3o!","potentialAction":[{"@type":"SearchAction","target":{"@type":"EntryPoint","urlTemplate":"https:\/\/projetoslayerup.com.br\/smeducacao\/?s={search_term_string}"},"query-input":{"@type":"PropertyValueSpecification","valueRequired":true,"valueName":"search_term_string"}}],"inLanguage":"pt-BR"}]}},"_links":{"self":[{"href":"https:\/\/projetoslayerup.com.br\/smeducacao\/wp-json\/wp\/v2\/hub_conteudo\/11945","targetHints":{"allow":["GET"]}}],"collection":[{"href":"https:\/\/projetoslayerup.com.br\/smeducacao\/wp-json\/wp\/v2\/hub_conteudo"}],"about":[{"href":"https:\/\/projetoslayerup.com.br\/smeducacao\/wp-json\/wp\/v2\/types\/hub_conteudo"}],"wp:featuredmedia":[{"embeddable":true,"href":"https:\/\/projetoslayerup.com.br\/smeducacao\/wp-json\/wp\/v2\/media\/13115"}],"wp:attachment":[{"href":"https:\/\/projetoslayerup.com.br\/smeducacao\/wp-json\/wp\/v2\/media?parent=11945"}],"wp:term":[{"taxonomy":"tipo_hub","embeddable":true,"href":"https:\/\/projetoslayerup.com.br\/smeducacao\/wp-json\/wp\/v2\/tipo_hub?post=11945"},{"taxonomy":"publico_hub","embeddable":true,"href":"https:\/\/projetoslayerup.com.br\/smeducacao\/wp-json\/wp\/v2\/publico_hub?post=11945"},{"taxonomy":"tipo_escola_hub","embeddable":true,"href":"https:\/\/projetoslayerup.com.br\/smeducacao\/wp-json\/wp\/v2\/tipo_escola_hub?post=11945"},{"taxonomy":"tipo_conteudo_hub","embeddable":true,"href":"https:\/\/projetoslayerup.com.br\/smeducacao\/wp-json\/wp\/v2\/tipo_conteudo_hub?post=11945"}],"curies":[{"name":"wp","href":"https:\/\/api.w.org\/{rel}","templated":true}]}}

Como fazer da sala de aula e a escola espaços de inclusão?

<!-- This site is optimized with the Yoast SEO plugin v28.3 - https://yoast.com/product/yoast-seo-wordpress/ -->
<title>Como fazer da sala de aula e a escola espaços de inclusão? - SM Educação - Juntos cuidamos da educação!</title>
<meta name="robots" content="noindex, follow, max-snippet:-1, max-image-preview:large, max-video-preview:-1" />
<meta property="og:locale" content="pt_BR" />
<meta property="og:type" content="article" />
<meta property="og:title" content="Como fazer da sala de aula e a escola espaços de inclusão? - SM Educação - Juntos cuidamos da educação!" />
<meta property="og:url" content="https://projetoslayerup.com.br/smeducacao/hub/como-fazer-da-sala-de-aula-e-a-escola-espacos-de-inclusao/" />
<meta property="og:site_name" content="SM Educação - Juntos cuidamos da educação!" />
<meta property="og:image" content="https://projetoslayerup.com.br/smeducacao/wp-content/uploads/2021/07/MOCKUP-Como-fazer-sala-de-aula-e-escola-espacos-de-inclusao.png" />
	<meta property="og:image:width" content="443" />
	<meta property="og:image:height" content="610" />
	<meta property="og:image:type" content="image/png" />
<meta name="twitter:card" content="summary_large_image" />
<script type="application/ld+json" class="yoast-schema-graph">{"@context":"https:\/\/schema.org","@graph":[{"@type":"WebPage","@id":"https:\/\/projetoslayerup.com.br\/smeducacao\/hub\/como-fazer-da-sala-de-aula-e-a-escola-espacos-de-inclusao\/","url":"https:\/\/projetoslayerup.com.br\/smeducacao\/hub\/como-fazer-da-sala-de-aula-e-a-escola-espacos-de-inclusao\/","name":"Como fazer da sala de aula e a escola espaços de inclusão? - SM Educação - Juntos cuidamos da educação!","isPartOf":{"@id":"https:\/\/projetoslayerup.com.br\/smeducacao\/#website"},"primaryImageOfPage":{"@id":"https:\/\/projetoslayerup.com.br\/smeducacao\/hub\/como-fazer-da-sala-de-aula-e-a-escola-espacos-de-inclusao\/#primaryimage"},"image":{"@id":"https:\/\/projetoslayerup.com.br\/smeducacao\/hub\/como-fazer-da-sala-de-aula-e-a-escola-espacos-de-inclusao\/#primaryimage"},"thumbnailUrl":"https:\/\/projetoslayerup.com.br\/smeducacao\/wp-content\/uploads\/2021\/07\/MOCKUP-Como-fazer-sala-de-aula-e-escola-espacos-de-inclusao.png","datePublished":"2021-07-01T13:06:46+00:00","breadcrumb":{"@id":"https:\/\/projetoslayerup.com.br\/smeducacao\/hub\/como-fazer-da-sala-de-aula-e-a-escola-espacos-de-inclusao\/#breadcrumb"},"inLanguage":"pt-BR","potentialAction":[{"@type":"ReadAction","target":["https:\/\/projetoslayerup.com.br\/smeducacao\/hub\/como-fazer-da-sala-de-aula-e-a-escola-espacos-de-inclusao\/"]}]},{"@type":"ImageObject","inLanguage":"pt-BR","@id":"https:\/\/projetoslayerup.com.br\/smeducacao\/hub\/como-fazer-da-sala-de-aula-e-a-escola-espacos-de-inclusao\/#primaryimage","url":"https:\/\/projetoslayerup.com.br\/smeducacao\/wp-content\/uploads\/2021\/07\/MOCKUP-Como-fazer-sala-de-aula-e-escola-espacos-de-inclusao.png","contentUrl":"https:\/\/projetoslayerup.com.br\/smeducacao\/wp-content\/uploads\/2021\/07\/MOCKUP-Como-fazer-sala-de-aula-e-escola-espacos-de-inclusao.png","width":443,"height":610},{"@type":"BreadcrumbList","@id":"https:\/\/projetoslayerup.com.br\/smeducacao\/hub\/como-fazer-da-sala-de-aula-e-a-escola-espacos-de-inclusao\/#breadcrumb","itemListElement":[{"@type":"ListItem","position":1,"name":"Início","item":"https:\/\/projetoslayerup.com.br\/smeducacao\/"},{"@type":"ListItem","position":2,"name":"Como fazer da sala de aula e a escola espaços de inclusão?"}]},{"@type":"WebSite","@id":"https:\/\/projetoslayerup.com.br\/smeducacao\/#website","url":"https:\/\/projetoslayerup.com.br\/smeducacao\/","name":"SM Educação - Juntos cuidamos da educação!","description":"Transformamos a educação por meio de soluções digitais, soluções didáticas para uma aprendizagem personalizada e soluções estratégicas eficientes. Juntos cuidamos da Educação!","potentialAction":[{"@type":"SearchAction","target":{"@type":"EntryPoint","urlTemplate":"https:\/\/projetoslayerup.com.br\/smeducacao\/?s={search_term_string}"},"query-input":{"@type":"PropertyValueSpecification","valueRequired":true,"valueName":"search_term_string"}}],"inLanguage":"pt-BR"}]}</script>
<!-- / Yoast SEO plugin. -->

Como fazer da sala de aula e a escola espaços de inclusão? - SM Educação - Juntos cuidamos da educação!

SM Educação - Juntos cuidamos da educação!

Início

Transformamos a educação por meio de soluções digitais, soluções didáticas para uma aprendizagem personalizada e soluções estratégicas eficientes. Juntos cuidamos da Educação!
