{"id":10820,"date":"2026-08-04T17:47:43","date_gmt":"2026-08-04T17:47:43","guid":{"rendered":"https:\/\/projetoslayerup.com.br\/smeducacao\/obras-literarias\/a-lua-perdida\/"},"modified":"2026-08-21T18:52:53","modified_gmt":"2026-08-21T18:52:53","slug":"a-lua-perdida","status":"publish","type":"livros_literatura","link":"https:\/\/projetoslayerup.com.br\/smeducacao\/obras-literarias\/a-lua-perdida\/","title":{"rendered":"A Lua perdida"},"excerpt":{"rendered":"","protected":false},"featured_media":0,"template":"","meta":{"_acf_changed":false},"componente_curricular":[],"autor":[327],"ilustrador":[1063],"colecao_literatura":[565],"tema_literatura":[1610,1664,1691,1702],"ano_escolar_literatura":[211],"segmento_literatura":[],"tradutor":[1557],"class_list":["post-10820","livros_literatura","type-livros_literatura","status-publish","hentry","autor-jimmy-liao","ilustrador-jimmy-liao","colecao_literatura-rodopio","tema_literatura-amizade","tema_literatura-imaginacao","tema_literatura-solidao","tema_literatura-vida-urbana","ano_escolar_literatura-7o-e-8o-ano","tradutor-sun-lidong"],"acf":[],"yoast_head":"<!-- This site is optimized with the Yoast SEO plugin v28.3 - https:\/\/yoast.com\/product\/yoast-seo-wordpress\/ -->\n<title>A Lua perdida - SM Educa\u00e7\u00e3o - Juntos cuidamos da educa\u00e7\u00e3o!<\/title>\n<meta name=\"description\" content=\"Uma f\u00e1bula sobre a imprevisibilidade da vida, a obra foi escrita por Liao, um dos maiores autores de literatura infantojuvenil da \u00c1sia.\" \/>\n<meta name=\"robots\" content=\"noindex, follow, max-snippet:-1, max-image-preview:large, max-video-preview:-1\" \/>\n<meta property=\"og:locale\" content=\"pt_BR\" \/>\n<meta property=\"og:type\" content=\"article\" \/>\n<meta property=\"og:title\" content=\"A Lua perdida - SM Educa\u00e7\u00e3o - Juntos cuidamos da educa\u00e7\u00e3o!\" \/>\n<meta property=\"og:description\" content=\"Uma f\u00e1bula sobre a imprevisibilidade da vida, a obra foi escrita por Liao, um dos maiores autores de literatura infantojuvenil da \u00c1sia.\" \/>\n<meta property=\"og:url\" content=\"https:\/\/projetoslayerup.com.br\/smeducacao\/obras-literarias\/a-lua-perdida\/\" \/>\n<meta property=\"og:site_name\" content=\"SM Educa\u00e7\u00e3o - Juntos cuidamos da educa\u00e7\u00e3o!\" \/>\n<meta property=\"article:modified_time\" content=\"2026-08-21T18:52:53+00:00\" \/>\n<meta name=\"twitter:card\" content=\"summary_large_image\" \/>\n<script type=\"application\/ld+json\" class=\"yoast-schema-graph\">{\"@context\":\"https:\\\/\\\/schema.org\",\"@graph\":[{\"@type\":\"WebPage\",\"@id\":\"https:\\\/\\\/projetoslayerup.com.br\\\/smeducacao\\\/obras-literarias\\\/a-lua-perdida\\\/\",\"url\":\"https:\\\/\\\/projetoslayerup.com.br\\\/smeducacao\\\/obras-literarias\\\/a-lua-perdida\\\/\",\"name\":\"A Lua perdida - SM Educa\u00e7\u00e3o - Juntos cuidamos da educa\u00e7\u00e3o!\",\"isPartOf\":{\"@id\":\"https:\\\/\\\/projetoslayerup.com.br\\\/smeducacao\\\/#website\"},\"datePublished\":\"2026-08-04T17:47:43+00:00\",\"dateModified\":\"2026-08-21T18:52:53+00:00\",\"description\":\"Uma f\u00e1bula sobre a imprevisibilidade da vida, a obra foi escrita por Liao, um dos maiores autores de literatura infantojuvenil da \u00c1sia.\",\"breadcrumb\":{\"@id\":\"https:\\\/\\\/projetoslayerup.com.br\\\/smeducacao\\\/obras-literarias\\\/a-lua-perdida\\\/#breadcrumb\"},\"inLanguage\":\"pt-BR\",\"potentialAction\":[{\"@type\":\"ReadAction\",\"target\":[\"https:\\\/\\\/projetoslayerup.com.br\\\/smeducacao\\\/obras-literarias\\\/a-lua-perdida\\\/\"]}]},{\"@type\":\"BreadcrumbList\",\"@id\":\"https:\\\/\\\/projetoslayerup.com.br\\\/smeducacao\\\/obras-literarias\\\/a-lua-perdida\\\/#breadcrumb\",\"itemListElement\":[{\"@type\":\"ListItem\",\"position\":1,\"name\":\"In\u00edcio\",\"item\":\"https:\\\/\\\/projetoslayerup.com.br\\\/smeducacao\\\/\"},{\"@type\":\"ListItem\",\"position\":2,\"name\":\"A Lua perdida\"}]},{\"@type\":\"WebSite\",\"@id\":\"https:\\\/\\\/projetoslayerup.com.br\\\/smeducacao\\\/#website\",\"url\":\"https:\\\/\\\/projetoslayerup.com.br\\\/smeducacao\\\/\",\"name\":\"SM Educa\u00e7\u00e3o - Juntos cuidamos da educa\u00e7\u00e3o!\",\"description\":\"Transformamos a educa\u00e7\u00e3o por meio de solu\u00e7\u00f5es digitais, solu\u00e7\u00f5es did\u00e1ticas para uma aprendizagem personalizada e solu\u00e7\u00f5es estrat\u00e9gicas eficientes. Juntos cuidamos da Educa\u00e7\u00e3o!\",\"potentialAction\":[{\"@type\":\"SearchAction\",\"target\":{\"@type\":\"EntryPoint\",\"urlTemplate\":\"https:\\\/\\\/projetoslayerup.com.br\\\/smeducacao\\\/?s={search_term_string}\"},\"query-input\":{\"@type\":\"PropertyValueSpecification\",\"valueRequired\":true,\"valueName\":\"search_term_string\"}}],\"inLanguage\":\"pt-BR\"}]}<\/script>\n<!-- \/ Yoast SEO plugin. -->","yoast_head_json":{"title":"A Lua perdida - SM Educa\u00e7\u00e3o - Juntos cuidamos da educa\u00e7\u00e3o!","description":"Uma f\u00e1bula sobre a imprevisibilidade da vida, a obra foi escrita por Liao, um dos maiores autores de literatura infantojuvenil da \u00c1sia.","robots":{"index":"noindex","follow":"follow","max-snippet":"max-snippet:-1","max-image-preview":"max-image-preview:large","max-video-preview":"max-video-preview:-1"},"og_locale":"pt_BR","og_type":"article","og_title":"A Lua perdida - SM Educa\u00e7\u00e3o - Juntos cuidamos da educa\u00e7\u00e3o!","og_description":"Uma f\u00e1bula sobre a imprevisibilidade da vida, a obra foi escrita por Liao, um dos maiores autores de literatura infantojuvenil da \u00c1sia.","og_url":"https:\/\/projetoslayerup.com.br\/smeducacao\/obras-literarias\/a-lua-perdida\/","og_site_name":"SM Educa\u00e7\u00e3o - Juntos cuidamos da educa\u00e7\u00e3o!","article_modified_time":"2026-08-21T18:52:53+00:00","twitter_card":"summary_large_image","schema":{"@context":"https:\/\/schema.org","@graph":[{"@type":"WebPage","@id":"https:\/\/projetoslayerup.com.br\/smeducacao\/obras-literarias\/a-lua-perdida\/","url":"https:\/\/projetoslayerup.com.br\/smeducacao\/obras-literarias\/a-lua-perdida\/","name":"A Lua perdida - SM Educa\u00e7\u00e3o - Juntos cuidamos da educa\u00e7\u00e3o!","isPartOf":{"@id":"https:\/\/projetoslayerup.com.br\/smeducacao\/#website"},"datePublished":"2026-08-04T17:47:43+00:00","dateModified":"2026-08-21T18:52:53+00:00","description":"Uma f\u00e1bula sobre a imprevisibilidade da vida, a obra foi escrita por Liao, um dos maiores autores de literatura infantojuvenil da \u00c1sia.","breadcrumb":{"@id":"https:\/\/projetoslayerup.com.br\/smeducacao\/obras-literarias\/a-lua-perdida\/#breadcrumb"},"inLanguage":"pt-BR","potentialAction":[{"@type":"ReadAction","target":["https:\/\/projetoslayerup.com.br\/smeducacao\/obras-literarias\/a-lua-perdida\/"]}]},{"@type":"BreadcrumbList","@id":"https:\/\/projetoslayerup.com.br\/smeducacao\/obras-literarias\/a-lua-perdida\/#breadcrumb","itemListElement":[{"@type":"ListItem","position":1,"name":"In\u00edcio","item":"https:\/\/projetoslayerup.com.br\/smeducacao\/"},{"@type":"ListItem","position":2,"name":"A Lua perdida"}]},{"@type":"WebSite","@id":"https:\/\/projetoslayerup.com.br\/smeducacao\/#website","url":"https:\/\/projetoslayerup.com.br\/smeducacao\/","name":"SM Educa\u00e7\u00e3o - Juntos cuidamos da educa\u00e7\u00e3o!","description":"Transformamos a educa\u00e7\u00e3o por meio de solu\u00e7\u00f5es digitais, solu\u00e7\u00f5es did\u00e1ticas para uma aprendizagem personalizada e solu\u00e7\u00f5es estrat\u00e9gicas eficientes. Juntos cuidamos da Educa\u00e7\u00e3o!","potentialAction":[{"@type":"SearchAction","target":{"@type":"EntryPoint","urlTemplate":"https:\/\/projetoslayerup.com.br\/smeducacao\/?s={search_term_string}"},"query-input":{"@type":"PropertyValueSpecification","valueRequired":true,"valueName":"search_term_string"}}],"inLanguage":"pt-BR"}]}},"_links":{"self":[{"href":"https:\/\/projetoslayerup.com.br\/smeducacao\/wp-json\/wp\/v2\/livros_literatura\/10820","targetHints":{"allow":["GET"]}}],"collection":[{"href":"https:\/\/projetoslayerup.com.br\/smeducacao\/wp-json\/wp\/v2\/livros_literatura"}],"about":[{"href":"https:\/\/projetoslayerup.com.br\/smeducacao\/wp-json\/wp\/v2\/types\/livros_literatura"}],"wp:attachment":[{"href":"https:\/\/projetoslayerup.com.br\/smeducacao\/wp-json\/wp\/v2\/media?parent=10820"}],"wp:term":[{"taxonomy":"componente_curricular","embeddable":true,"href":"https:\/\/projetoslayerup.com.br\/smeducacao\/wp-json\/wp\/v2\/componente_curricular?post=10820"},{"taxonomy":"autor","embeddable":true,"href":"https:\/\/projetoslayerup.com.br\/smeducacao\/wp-json\/wp\/v2\/autor?post=10820"},{"taxonomy":"ilustrador","embeddable":true,"href":"https:\/\/projetoslayerup.com.br\/smeducacao\/wp-json\/wp\/v2\/ilustrador?post=10820"},{"taxonomy":"colecao_literatura","embeddable":true,"href":"https:\/\/projetoslayerup.com.br\/smeducacao\/wp-json\/wp\/v2\/colecao_literatura?post=10820"},{"taxonomy":"tema_literatura","embeddable":true,"href":"https:\/\/projetoslayerup.com.br\/smeducacao\/wp-json\/wp\/v2\/tema_literatura?post=10820"},{"taxonomy":"ano_escolar_literatura","embeddable":true,"href":"https:\/\/projetoslayerup.com.br\/smeducacao\/wp-json\/wp\/v2\/ano_escolar_literatura?post=10820"},{"taxonomy":"segmento_literatura","embeddable":true,"href":"https:\/\/projetoslayerup.com.br\/smeducacao\/wp-json\/wp\/v2\/segmento_literatura?post=10820"},{"taxonomy":"tradutor","embeddable":true,"href":"https:\/\/projetoslayerup.com.br\/smeducacao\/wp-json\/wp\/v2\/tradutor?post=10820"}],"curies":[{"name":"wp","href":"https:\/\/api.w.org\/{rel}","templated":true}]}}

<!-- This site is optimized with the Yoast SEO plugin v28.3 - https://yoast.com/product/yoast-seo-wordpress/ -->
<title>A Lua perdida - SM Educação - Juntos cuidamos da educação!</title>
<meta name="description" content="Uma fábula sobre a imprevisibilidade da vida, a obra foi escrita por Liao, um dos maiores autores de literatura infantojuvenil da Ásia." />
<meta name="robots" content="noindex, follow, max-snippet:-1, max-image-preview:large, max-video-preview:-1" />
<meta property="og:locale" content="pt_BR" />
<meta property="og:type" content="article" />
<meta property="og:title" content="A Lua perdida - SM Educação - Juntos cuidamos da educação!" />
<meta property="og:description" content="Uma fábula sobre a imprevisibilidade da vida, a obra foi escrita por Liao, um dos maiores autores de literatura infantojuvenil da Ásia." />
<meta property="og:url" content="https://projetoslayerup.com.br/smeducacao/obras-literarias/a-lua-perdida/" />
<meta property="og:site_name" content="SM Educação - Juntos cuidamos da educação!" />
<meta property="article:modified_time" content="2026-08-21T18:52:53+00:00" />
<meta name="twitter:card" content="summary_large_image" />
<script type="application/ld+json" class="yoast-schema-graph">{"@context":"https:\/\/schema.org","@graph":[{"@type":"WebPage","@id":"https:\/\/projetoslayerup.com.br\/smeducacao\/obras-literarias\/a-lua-perdida\/","url":"https:\/\/projetoslayerup.com.br\/smeducacao\/obras-literarias\/a-lua-perdida\/","name":"A Lua perdida - SM Educação - Juntos cuidamos da educação!","isPartOf":{"@id":"https:\/\/projetoslayerup.com.br\/smeducacao\/#website"},"datePublished":"2026-08-04T17:47:43+00:00","dateModified":"2026-08-21T18:52:53+00:00","description":"Uma fábula sobre a imprevisibilidade da vida, a obra foi escrita por Liao, um dos maiores autores de literatura infantojuvenil da Ásia.","breadcrumb":{"@id":"https:\/\/projetoslayerup.com.br\/smeducacao\/obras-literarias\/a-lua-perdida\/#breadcrumb"},"inLanguage":"pt-BR","potentialAction":[{"@type":"ReadAction","target":["https:\/\/projetoslayerup.com.br\/smeducacao\/obras-literarias\/a-lua-perdida\/"]}]},{"@type":"BreadcrumbList","@id":"https:\/\/projetoslayerup.com.br\/smeducacao\/obras-literarias\/a-lua-perdida\/#breadcrumb","itemListElement":[{"@type":"ListItem","position":1,"name":"Início","item":"https:\/\/projetoslayerup.com.br\/smeducacao\/"},{"@type":"ListItem","position":2,"name":"A Lua perdida"}]},{"@type":"WebSite","@id":"https:\/\/projetoslayerup.com.br\/smeducacao\/#website","url":"https:\/\/projetoslayerup.com.br\/smeducacao\/","name":"SM Educação - Juntos cuidamos da educação!","description":"Transformamos a educação por meio de soluções digitais, soluções didáticas para uma aprendizagem personalizada e soluções estratégicas eficientes. Juntos cuidamos da Educação!","potentialAction":[{"@type":"SearchAction","target":{"@type":"EntryPoint","urlTemplate":"https:\/\/projetoslayerup.com.br\/smeducacao\/?s={search_term_string}"},"query-input":{"@type":"PropertyValueSpecification","valueRequired":true,"valueName":"search_term_string"}}],"inLanguage":"pt-BR"}]}</script>
<!-- / Yoast SEO plugin. -->

A Lua perdida - SM Educação - Juntos cuidamos da educação!

Uma fábula sobre a imprevisibilidade da vida, a obra foi escrita por Liao, um dos maiores autores de literatura infantojuvenil da Ásia.

SM Educação - Juntos cuidamos da educação!

Início

Transformamos a educação por meio de soluções digitais, soluções didáticas para uma aprendizagem personalizada e soluções estratégicas eficientes. Juntos cuidamos da Educação!
