{"id":10825,"date":"2026-08-04T17:47:43","date_gmt":"2026-08-04T17:47:43","guid":{"rendered":"https:\/\/projetoslayerup.com.br\/smeducacao\/obras-literarias\/a-invencao-de-hugo-cabret\/"},"modified":"2026-08-25T20:51:02","modified_gmt":"2026-08-25T20:51:02","slug":"a-invencao-de-hugo-cabret","status":"publish","type":"livros_literatura","link":"https:\/\/projetoslayerup.com.br\/smeducacao\/obras-literarias\/a-invencao-de-hugo-cabret\/","title":{"rendered":"A inven\u00e7\u00e3o de Hugo Cabret"},"excerpt":{"rendered":"","protected":false},"featured_media":13704,"template":"","meta":{"_acf_changed":false},"componente_curricular":[],"autor":[269],"ilustrador":[1013],"colecao_literatura":[570],"tema_literatura":[1608,1617,1729,1694],"ano_escolar_literatura":[210],"segmento_literatura":[1568],"tradutor":[1537],"class_list":["post-10825","livros_literatura","type-livros_literatura","status-publish","has-post-thumbnail","hentry","autor-brian-selznick","ilustrador-brian-selznick","colecao_literatura-comboio-de-corda-romance","tema_literatura-amadurecimento","tema_literatura-aventura","tema_literatura-cinema","tema_literatura-suspense","ano_escolar_literatura-5o-e-6o-ano","segmento_literatura-ensino-fundamental","tradutor-marcos-bagno"],"acf":[],"yoast_head":"<!-- This site is optimized with the Yoast SEO plugin v28.3 - https:\/\/yoast.com\/product\/yoast-seo-wordpress\/ -->\n<title>A inven\u00e7\u00e3o de Hugo Cabret - SM Educa\u00e7\u00e3o - Juntos cuidamos da educa\u00e7\u00e3o!<\/title>\n<meta name=\"description\" content=\"A obra mistura elementos do cinema e dos quadrinhos para contar uma hist\u00f3ria sobre a imagina\u00e7\u00e3o. Conhe\u00e7a o \u00f3rf\u00e3o Hugo Cabret!\" \/>\n<meta name=\"robots\" content=\"noindex, follow, max-snippet:-1, max-image-preview:large, max-video-preview:-1\" \/>\n<meta property=\"og:locale\" content=\"pt_BR\" \/>\n<meta property=\"og:type\" content=\"article\" \/>\n<meta property=\"og:title\" content=\"A inven\u00e7\u00e3o de Hugo Cabret - SM Educa\u00e7\u00e3o - Juntos cuidamos da educa\u00e7\u00e3o!\" \/>\n<meta property=\"og:description\" content=\"A obra mistura elementos do cinema e dos quadrinhos para contar uma hist\u00f3ria sobre a imagina\u00e7\u00e3o. Conhe\u00e7a o \u00f3rf\u00e3o Hugo Cabret!\" \/>\n<meta property=\"og:url\" content=\"https:\/\/projetoslayerup.com.br\/smeducacao\/obras-literarias\/a-invencao-de-hugo-cabret\/\" \/>\n<meta property=\"og:site_name\" content=\"SM Educa\u00e7\u00e3o - Juntos cuidamos da educa\u00e7\u00e3o!\" \/>\n<meta property=\"article:modified_time\" content=\"2026-08-25T20:51:02+00:00\" \/>\n<meta property=\"og:image\" content=\"https:\/\/projetoslayerup.com.br\/smeducacao\/wp-content\/uploads\/2026\/08\/A-INVENCAO-DE-HUGO-CABRET_alta.webp\" \/>\n\t<meta property=\"og:image:width\" content=\"1530\" \/>\n\t<meta property=\"og:image:height\" content=\"2450\" \/>\n\t<meta property=\"og:image:type\" content=\"image\/webp\" \/>\n<meta name=\"twitter:card\" content=\"summary_large_image\" \/>\n<meta name=\"twitter:label1\" content=\"Est. tempo de leitura\" \/>\n\t<meta name=\"twitter:data1\" content=\"1 minuto\" \/>\n<script type=\"application\/ld+json\" class=\"yoast-schema-graph\">{\"@context\":\"https:\\\/\\\/schema.org\",\"@graph\":[{\"@type\":\"WebPage\",\"@id\":\"https:\\\/\\\/projetoslayerup.com.br\\\/smeducacao\\\/obras-literarias\\\/a-invencao-de-hugo-cabret\\\/\",\"url\":\"https:\\\/\\\/projetoslayerup.com.br\\\/smeducacao\\\/obras-literarias\\\/a-invencao-de-hugo-cabret\\\/\",\"name\":\"A inven\u00e7\u00e3o de Hugo Cabret - SM Educa\u00e7\u00e3o - Juntos cuidamos da educa\u00e7\u00e3o!\",\"isPartOf\":{\"@id\":\"https:\\\/\\\/projetoslayerup.com.br\\\/smeducacao\\\/#website\"},\"primaryImageOfPage\":{\"@id\":\"https:\\\/\\\/projetoslayerup.com.br\\\/smeducacao\\\/obras-literarias\\\/a-invencao-de-hugo-cabret\\\/#primaryimage\"},\"image\":{\"@id\":\"https:\\\/\\\/projetoslayerup.com.br\\\/smeducacao\\\/obras-literarias\\\/a-invencao-de-hugo-cabret\\\/#primaryimage\"},\"thumbnailUrl\":\"https:\\\/\\\/projetoslayerup.com.br\\\/smeducacao\\\/wp-content\\\/uploads\\\/2026\\\/08\\\/A-INVENCAO-DE-HUGO-CABRET_alta.webp\",\"datePublished\":\"2026-08-04T17:47:43+00:00\",\"dateModified\":\"2026-08-25T20:51:02+00:00\",\"description\":\"A obra mistura elementos do cinema e dos quadrinhos para contar uma hist\u00f3ria sobre a imagina\u00e7\u00e3o. Conhe\u00e7a o \u00f3rf\u00e3o Hugo Cabret!\",\"breadcrumb\":{\"@id\":\"https:\\\/\\\/projetoslayerup.com.br\\\/smeducacao\\\/obras-literarias\\\/a-invencao-de-hugo-cabret\\\/#breadcrumb\"},\"inLanguage\":\"pt-BR\",\"potentialAction\":[{\"@type\":\"ReadAction\",\"target\":[\"https:\\\/\\\/projetoslayerup.com.br\\\/smeducacao\\\/obras-literarias\\\/a-invencao-de-hugo-cabret\\\/\"]}]},{\"@type\":\"ImageObject\",\"inLanguage\":\"pt-BR\",\"@id\":\"https:\\\/\\\/projetoslayerup.com.br\\\/smeducacao\\\/obras-literarias\\\/a-invencao-de-hugo-cabret\\\/#primaryimage\",\"url\":\"https:\\\/\\\/projetoslayerup.com.br\\\/smeducacao\\\/wp-content\\\/uploads\\\/2026\\\/08\\\/A-INVENCAO-DE-HUGO-CABRET_alta.webp\",\"contentUrl\":\"https:\\\/\\\/projetoslayerup.com.br\\\/smeducacao\\\/wp-content\\\/uploads\\\/2026\\\/08\\\/A-INVENCAO-DE-HUGO-CABRET_alta.webp\",\"width\":1530,\"height\":2450},{\"@type\":\"BreadcrumbList\",\"@id\":\"https:\\\/\\\/projetoslayerup.com.br\\\/smeducacao\\\/obras-literarias\\\/a-invencao-de-hugo-cabret\\\/#breadcrumb\",\"itemListElement\":[{\"@type\":\"ListItem\",\"position\":1,\"name\":\"In\u00edcio\",\"item\":\"https:\\\/\\\/projetoslayerup.com.br\\\/smeducacao\\\/\"},{\"@type\":\"ListItem\",\"position\":2,\"name\":\"A inven\u00e7\u00e3o de Hugo Cabret\"}]},{\"@type\":\"WebSite\",\"@id\":\"https:\\\/\\\/projetoslayerup.com.br\\\/smeducacao\\\/#website\",\"url\":\"https:\\\/\\\/projetoslayerup.com.br\\\/smeducacao\\\/\",\"name\":\"SM Educa\u00e7\u00e3o - Juntos cuidamos da educa\u00e7\u00e3o!\",\"description\":\"Transformamos a educa\u00e7\u00e3o por meio de solu\u00e7\u00f5es digitais, solu\u00e7\u00f5es did\u00e1ticas para uma aprendizagem personalizada e solu\u00e7\u00f5es estrat\u00e9gicas eficientes. Juntos cuidamos da Educa\u00e7\u00e3o!\",\"potentialAction\":[{\"@type\":\"SearchAction\",\"target\":{\"@type\":\"EntryPoint\",\"urlTemplate\":\"https:\\\/\\\/projetoslayerup.com.br\\\/smeducacao\\\/?s={search_term_string}\"},\"query-input\":{\"@type\":\"PropertyValueSpecification\",\"valueRequired\":true,\"valueName\":\"search_term_string\"}}],\"inLanguage\":\"pt-BR\"}]}<\/script>\n<!-- \/ Yoast SEO plugin. -->","yoast_head_json":{"title":"A inven\u00e7\u00e3o de Hugo Cabret - SM Educa\u00e7\u00e3o - Juntos cuidamos da educa\u00e7\u00e3o!","description":"A obra mistura elementos do cinema e dos quadrinhos para contar uma hist\u00f3ria sobre a imagina\u00e7\u00e3o. Conhe\u00e7a o \u00f3rf\u00e3o Hugo Cabret!","robots":{"index":"noindex","follow":"follow","max-snippet":"max-snippet:-1","max-image-preview":"max-image-preview:large","max-video-preview":"max-video-preview:-1"},"og_locale":"pt_BR","og_type":"article","og_title":"A inven\u00e7\u00e3o de Hugo Cabret - SM Educa\u00e7\u00e3o - Juntos cuidamos da educa\u00e7\u00e3o!","og_description":"A obra mistura elementos do cinema e dos quadrinhos para contar uma hist\u00f3ria sobre a imagina\u00e7\u00e3o. Conhe\u00e7a o \u00f3rf\u00e3o Hugo Cabret!","og_url":"https:\/\/projetoslayerup.com.br\/smeducacao\/obras-literarias\/a-invencao-de-hugo-cabret\/","og_site_name":"SM Educa\u00e7\u00e3o - Juntos cuidamos da educa\u00e7\u00e3o!","article_modified_time":"2026-08-25T20:51:02+00:00","og_image":[{"width":1530,"height":2450,"url":"https:\/\/projetoslayerup.com.br\/smeducacao\/wp-content\/uploads\/2026\/08\/A-INVENCAO-DE-HUGO-CABRET_alta.webp","type":"image\/webp"}],"twitter_card":"summary_large_image","twitter_misc":{"Est. tempo de leitura":"1 minuto"},"schema":{"@context":"https:\/\/schema.org","@graph":[{"@type":"WebPage","@id":"https:\/\/projetoslayerup.com.br\/smeducacao\/obras-literarias\/a-invencao-de-hugo-cabret\/","url":"https:\/\/projetoslayerup.com.br\/smeducacao\/obras-literarias\/a-invencao-de-hugo-cabret\/","name":"A inven\u00e7\u00e3o de Hugo Cabret - SM Educa\u00e7\u00e3o - Juntos cuidamos da educa\u00e7\u00e3o!","isPartOf":{"@id":"https:\/\/projetoslayerup.com.br\/smeducacao\/#website"},"primaryImageOfPage":{"@id":"https:\/\/projetoslayerup.com.br\/smeducacao\/obras-literarias\/a-invencao-de-hugo-cabret\/#primaryimage"},"image":{"@id":"https:\/\/projetoslayerup.com.br\/smeducacao\/obras-literarias\/a-invencao-de-hugo-cabret\/#primaryimage"},"thumbnailUrl":"https:\/\/projetoslayerup.com.br\/smeducacao\/wp-content\/uploads\/2026\/08\/A-INVENCAO-DE-HUGO-CABRET_alta.webp","datePublished":"2026-08-04T17:47:43+00:00","dateModified":"2026-08-25T20:51:02+00:00","description":"A obra mistura elementos do cinema e dos quadrinhos para contar uma hist\u00f3ria sobre a imagina\u00e7\u00e3o. Conhe\u00e7a o \u00f3rf\u00e3o Hugo Cabret!","breadcrumb":{"@id":"https:\/\/projetoslayerup.com.br\/smeducacao\/obras-literarias\/a-invencao-de-hugo-cabret\/#breadcrumb"},"inLanguage":"pt-BR","potentialAction":[{"@type":"ReadAction","target":["https:\/\/projetoslayerup.com.br\/smeducacao\/obras-literarias\/a-invencao-de-hugo-cabret\/"]}]},{"@type":"ImageObject","inLanguage":"pt-BR","@id":"https:\/\/projetoslayerup.com.br\/smeducacao\/obras-literarias\/a-invencao-de-hugo-cabret\/#primaryimage","url":"https:\/\/projetoslayerup.com.br\/smeducacao\/wp-content\/uploads\/2026\/08\/A-INVENCAO-DE-HUGO-CABRET_alta.webp","contentUrl":"https:\/\/projetoslayerup.com.br\/smeducacao\/wp-content\/uploads\/2026\/08\/A-INVENCAO-DE-HUGO-CABRET_alta.webp","width":1530,"height":2450},{"@type":"BreadcrumbList","@id":"https:\/\/projetoslayerup.com.br\/smeducacao\/obras-literarias\/a-invencao-de-hugo-cabret\/#breadcrumb","itemListElement":[{"@type":"ListItem","position":1,"name":"In\u00edcio","item":"https:\/\/projetoslayerup.com.br\/smeducacao\/"},{"@type":"ListItem","position":2,"name":"A inven\u00e7\u00e3o de Hugo Cabret"}]},{"@type":"WebSite","@id":"https:\/\/projetoslayerup.com.br\/smeducacao\/#website","url":"https:\/\/projetoslayerup.com.br\/smeducacao\/","name":"SM Educa\u00e7\u00e3o - Juntos cuidamos da educa\u00e7\u00e3o!","description":"Transformamos a educa\u00e7\u00e3o por meio de solu\u00e7\u00f5es digitais, solu\u00e7\u00f5es did\u00e1ticas para uma aprendizagem personalizada e solu\u00e7\u00f5es estrat\u00e9gicas eficientes. Juntos cuidamos da Educa\u00e7\u00e3o!","potentialAction":[{"@type":"SearchAction","target":{"@type":"EntryPoint","urlTemplate":"https:\/\/projetoslayerup.com.br\/smeducacao\/?s={search_term_string}"},"query-input":{"@type":"PropertyValueSpecification","valueRequired":true,"valueName":"search_term_string"}}],"inLanguage":"pt-BR"}]}},"_links":{"self":[{"href":"https:\/\/projetoslayerup.com.br\/smeducacao\/wp-json\/wp\/v2\/livros_literatura\/10825","targetHints":{"allow":["GET"]}}],"collection":[{"href":"https:\/\/projetoslayerup.com.br\/smeducacao\/wp-json\/wp\/v2\/livros_literatura"}],"about":[{"href":"https:\/\/projetoslayerup.com.br\/smeducacao\/wp-json\/wp\/v2\/types\/livros_literatura"}],"wp:featuredmedia":[{"embeddable":true,"href":"https:\/\/projetoslayerup.com.br\/smeducacao\/wp-json\/wp\/v2\/media\/13704"}],"wp:attachment":[{"href":"https:\/\/projetoslayerup.com.br\/smeducacao\/wp-json\/wp\/v2\/media?parent=10825"}],"wp:term":[{"taxonomy":"componente_curricular","embeddable":true,"href":"https:\/\/projetoslayerup.com.br\/smeducacao\/wp-json\/wp\/v2\/componente_curricular?post=10825"},{"taxonomy":"autor","embeddable":true,"href":"https:\/\/projetoslayerup.com.br\/smeducacao\/wp-json\/wp\/v2\/autor?post=10825"},{"taxonomy":"ilustrador","embeddable":true,"href":"https:\/\/projetoslayerup.com.br\/smeducacao\/wp-json\/wp\/v2\/ilustrador?post=10825"},{"taxonomy":"colecao_literatura","embeddable":true,"href":"https:\/\/projetoslayerup.com.br\/smeducacao\/wp-json\/wp\/v2\/colecao_literatura?post=10825"},{"taxonomy":"tema_literatura","embeddable":true,"href":"https:\/\/projetoslayerup.com.br\/smeducacao\/wp-json\/wp\/v2\/tema_literatura?post=10825"},{"taxonomy":"ano_escolar_literatura","embeddable":true,"href":"https:\/\/projetoslayerup.com.br\/smeducacao\/wp-json\/wp\/v2\/ano_escolar_literatura?post=10825"},{"taxonomy":"segmento_literatura","embeddable":true,"href":"https:\/\/projetoslayerup.com.br\/smeducacao\/wp-json\/wp\/v2\/segmento_literatura?post=10825"},{"taxonomy":"tradutor","embeddable":true,"href":"https:\/\/projetoslayerup.com.br\/smeducacao\/wp-json\/wp\/v2\/tradutor?post=10825"}],"curies":[{"name":"wp","href":"https:\/\/api.w.org\/{rel}","templated":true}]}}

A invenção de Hugo Cabret

<!-- This site is optimized with the Yoast SEO plugin v28.3 - https://yoast.com/product/yoast-seo-wordpress/ -->
<title>A invenção de Hugo Cabret - SM Educação - Juntos cuidamos da educação!</title>
<meta name="description" content="A obra mistura elementos do cinema e dos quadrinhos para contar uma história sobre a imaginação. Conheça o órfão Hugo Cabret!" />
<meta name="robots" content="noindex, follow, max-snippet:-1, max-image-preview:large, max-video-preview:-1" />
<meta property="og:locale" content="pt_BR" />
<meta property="og:type" content="article" />
<meta property="og:title" content="A invenção de Hugo Cabret - SM Educação - Juntos cuidamos da educação!" />
<meta property="og:description" content="A obra mistura elementos do cinema e dos quadrinhos para contar uma história sobre a imaginação. Conheça o órfão Hugo Cabret!" />
<meta property="og:url" content="https://projetoslayerup.com.br/smeducacao/obras-literarias/a-invencao-de-hugo-cabret/" />
<meta property="og:site_name" content="SM Educação - Juntos cuidamos da educação!" />
<meta property="article:modified_time" content="2026-08-25T20:51:02+00:00" />
<meta property="og:image" content="https://projetoslayerup.com.br/smeducacao/wp-content/uploads/2026/08/A-INVENCAO-DE-HUGO-CABRET_alta.webp" />
	<meta property="og:image:width" content="1530" />
	<meta property="og:image:height" content="2450" />
	<meta property="og:image:type" content="image/webp" />
<meta name="twitter:card" content="summary_large_image" />
<meta name="twitter:label1" content="Est. tempo de leitura" />
	<meta name="twitter:data1" content="1 minuto" />
<script type="application/ld+json" class="yoast-schema-graph">{"@context":"https:\/\/schema.org","@graph":[{"@type":"WebPage","@id":"https:\/\/projetoslayerup.com.br\/smeducacao\/obras-literarias\/a-invencao-de-hugo-cabret\/","url":"https:\/\/projetoslayerup.com.br\/smeducacao\/obras-literarias\/a-invencao-de-hugo-cabret\/","name":"A invenção de Hugo Cabret - SM Educação - Juntos cuidamos da educação!","isPartOf":{"@id":"https:\/\/projetoslayerup.com.br\/smeducacao\/#website"},"primaryImageOfPage":{"@id":"https:\/\/projetoslayerup.com.br\/smeducacao\/obras-literarias\/a-invencao-de-hugo-cabret\/#primaryimage"},"image":{"@id":"https:\/\/projetoslayerup.com.br\/smeducacao\/obras-literarias\/a-invencao-de-hugo-cabret\/#primaryimage"},"thumbnailUrl":"https:\/\/projetoslayerup.com.br\/smeducacao\/wp-content\/uploads\/2026\/08\/A-INVENCAO-DE-HUGO-CABRET_alta.webp","datePublished":"2026-08-04T17:47:43+00:00","dateModified":"2026-08-25T20:51:02+00:00","description":"A obra mistura elementos do cinema e dos quadrinhos para contar uma história sobre a imaginação. Conheça o órfão Hugo Cabret!","breadcrumb":{"@id":"https:\/\/projetoslayerup.com.br\/smeducacao\/obras-literarias\/a-invencao-de-hugo-cabret\/#breadcrumb"},"inLanguage":"pt-BR","potentialAction":[{"@type":"ReadAction","target":["https:\/\/projetoslayerup.com.br\/smeducacao\/obras-literarias\/a-invencao-de-hugo-cabret\/"]}]},{"@type":"ImageObject","inLanguage":"pt-BR","@id":"https:\/\/projetoslayerup.com.br\/smeducacao\/obras-literarias\/a-invencao-de-hugo-cabret\/#primaryimage","url":"https:\/\/projetoslayerup.com.br\/smeducacao\/wp-content\/uploads\/2026\/08\/A-INVENCAO-DE-HUGO-CABRET_alta.webp","contentUrl":"https:\/\/projetoslayerup.com.br\/smeducacao\/wp-content\/uploads\/2026\/08\/A-INVENCAO-DE-HUGO-CABRET_alta.webp","width":1530,"height":2450},{"@type":"BreadcrumbList","@id":"https:\/\/projetoslayerup.com.br\/smeducacao\/obras-literarias\/a-invencao-de-hugo-cabret\/#breadcrumb","itemListElement":[{"@type":"ListItem","position":1,"name":"Início","item":"https:\/\/projetoslayerup.com.br\/smeducacao\/"},{"@type":"ListItem","position":2,"name":"A invenção de Hugo Cabret"}]},{"@type":"WebSite","@id":"https:\/\/projetoslayerup.com.br\/smeducacao\/#website","url":"https:\/\/projetoslayerup.com.br\/smeducacao\/","name":"SM Educação - Juntos cuidamos da educação!","description":"Transformamos a educação por meio de soluções digitais, soluções didáticas para uma aprendizagem personalizada e soluções estratégicas eficientes. Juntos cuidamos da Educação!","potentialAction":[{"@type":"SearchAction","target":{"@type":"EntryPoint","urlTemplate":"https:\/\/projetoslayerup.com.br\/smeducacao\/?s={search_term_string}"},"query-input":{"@type":"PropertyValueSpecification","valueRequired":true,"valueName":"search_term_string"}}],"inLanguage":"pt-BR"}]}</script>
<!-- / Yoast SEO plugin. -->

A invenção de Hugo Cabret - SM Educação - Juntos cuidamos da educação!

A obra mistura elementos do cinema e dos quadrinhos para contar uma história sobre a imaginação. Conheça o órfão Hugo Cabret!

SM Educação - Juntos cuidamos da educação!

Início

Transformamos a educação por meio de soluções digitais, soluções didáticas para uma aprendizagem personalizada e soluções estratégicas eficientes. Juntos cuidamos da Educação!
