{"id":10975,"date":"2026-08-04T17:47:44","date_gmt":"2026-08-04T17:47:44","guid":{"rendered":"https:\/\/projetoslayerup.com.br\/smeducacao\/obras-literarias\/tres-perguntas-inteligentes-que-eu-fiz-e-as-respostas-compriiiiiidas-que-eles-deram\/"},"modified":"2026-09-03T21:13:59","modified_gmt":"2026-09-03T21:13:59","slug":"tres-perguntas-inteligentes-que-eu-fiz-e-as-respostas-compriiiiiidas-que-eles-deram","status":"publish","type":"livros_literatura","link":"https:\/\/projetoslayerup.com.br\/smeducacao\/obras-literarias\/tres-perguntas-inteligentes-que-eu-fiz-e-as-respostas-compriiiiiidas-que-eles-deram\/","title":{"rendered":"Tr\u00eas perguntas inteligentes que eu fiz e as respostas compriiiiiidas que eles deram"},"excerpt":{"rendered":"","protected":false},"featured_media":13990,"template":"","meta":{"_acf_changed":false},"componente_curricular":[604],"autor":[381],"ilustrador":[1021],"colecao_literatura":[564],"tema_literatura":[1758,1661,1664],"ano_escolar_literatura":[205,206],"segmento_literatura":[],"tradutor":[],"class_list":["post-10975","livros_literatura","type-livros_literatura","status-publish","has-post-thumbnail","hentry","componente_curricular-literatura","autor-mirna-pinsky","ilustrador-cecilia-esteves","colecao_literatura-bv-branco","tema_literatura-brincadeiras","tema_literatura-humor","tema_literatura-imaginacao","ano_escolar_literatura-1o-ano","ano_escolar_literatura-2o-ano"],"acf":[],"yoast_head":"<!-- This site is optimized with the Yoast SEO plugin v28.3 - https:\/\/yoast.com\/product\/yoast-seo-wordpress\/ -->\n<title>Tr\u00eas perguntas inteligentes que eu fiz e as respostas compriiiiiidas que eles deram - SM Educa\u00e7\u00e3o - Juntos cuidamos da educa\u00e7\u00e3o!<\/title>\n<meta name=\"robots\" content=\"noindex, follow, max-snippet:-1, max-image-preview:large, max-video-preview:-1\" \/>\n<meta property=\"og:locale\" content=\"pt_BR\" \/>\n<meta property=\"og:type\" content=\"article\" \/>\n<meta property=\"og:title\" content=\"Tr\u00eas perguntas inteligentes que eu fiz e as respostas compriiiiiidas que eles deram - SM Educa\u00e7\u00e3o - Juntos cuidamos da educa\u00e7\u00e3o!\" \/>\n<meta property=\"og:url\" content=\"https:\/\/projetoslayerup.com.br\/smeducacao\/obras-literarias\/tres-perguntas-inteligentes-que-eu-fiz-e-as-respostas-compriiiiiidas-que-eles-deram\/\" \/>\n<meta property=\"og:site_name\" content=\"SM Educa\u00e7\u00e3o - Juntos cuidamos da educa\u00e7\u00e3o!\" \/>\n<meta property=\"article:modified_time\" content=\"2026-09-03T21:13:59+00:00\" \/>\n<meta property=\"og:image\" content=\"https:\/\/projetoslayerup.com.br\/smeducacao\/wp-content\/uploads\/2026\/08\/TRES-PERGUNTAS-INTELIGENTES_01.webp\" \/>\n\t<meta property=\"og:image:width\" content=\"814\" \/>\n\t<meta property=\"og:image:height\" content=\"1234\" \/>\n\t<meta property=\"og:image:type\" content=\"image\/webp\" \/>\n<meta name=\"twitter:card\" content=\"summary_large_image\" \/>\n<meta name=\"twitter:label1\" content=\"Est. tempo de leitura\" \/>\n\t<meta name=\"twitter:data1\" content=\"1 minuto\" \/>\n<script type=\"application\/ld+json\" class=\"yoast-schema-graph\">{\"@context\":\"https:\\\/\\\/schema.org\",\"@graph\":[{\"@type\":\"WebPage\",\"@id\":\"https:\\\/\\\/projetoslayerup.com.br\\\/smeducacao\\\/obras-literarias\\\/tres-perguntas-inteligentes-que-eu-fiz-e-as-respostas-compriiiiiidas-que-eles-deram\\\/\",\"url\":\"https:\\\/\\\/projetoslayerup.com.br\\\/smeducacao\\\/obras-literarias\\\/tres-perguntas-inteligentes-que-eu-fiz-e-as-respostas-compriiiiiidas-que-eles-deram\\\/\",\"name\":\"Tr\u00eas perguntas inteligentes que eu fiz e as respostas compriiiiiidas que eles deram - SM Educa\u00e7\u00e3o - Juntos cuidamos da educa\u00e7\u00e3o!\",\"isPartOf\":{\"@id\":\"https:\\\/\\\/projetoslayerup.com.br\\\/smeducacao\\\/#website\"},\"primaryImageOfPage\":{\"@id\":\"https:\\\/\\\/projetoslayerup.com.br\\\/smeducacao\\\/obras-literarias\\\/tres-perguntas-inteligentes-que-eu-fiz-e-as-respostas-compriiiiiidas-que-eles-deram\\\/#primaryimage\"},\"image\":{\"@id\":\"https:\\\/\\\/projetoslayerup.com.br\\\/smeducacao\\\/obras-literarias\\\/tres-perguntas-inteligentes-que-eu-fiz-e-as-respostas-compriiiiiidas-que-eles-deram\\\/#primaryimage\"},\"thumbnailUrl\":\"https:\\\/\\\/projetoslayerup.com.br\\\/smeducacao\\\/wp-content\\\/uploads\\\/2026\\\/08\\\/TRES-PERGUNTAS-INTELIGENTES_01.webp\",\"datePublished\":\"2026-08-04T17:47:44+00:00\",\"dateModified\":\"2026-09-03T21:13:59+00:00\",\"breadcrumb\":{\"@id\":\"https:\\\/\\\/projetoslayerup.com.br\\\/smeducacao\\\/obras-literarias\\\/tres-perguntas-inteligentes-que-eu-fiz-e-as-respostas-compriiiiiidas-que-eles-deram\\\/#breadcrumb\"},\"inLanguage\":\"pt-BR\",\"potentialAction\":[{\"@type\":\"ReadAction\",\"target\":[\"https:\\\/\\\/projetoslayerup.com.br\\\/smeducacao\\\/obras-literarias\\\/tres-perguntas-inteligentes-que-eu-fiz-e-as-respostas-compriiiiiidas-que-eles-deram\\\/\"]}]},{\"@type\":\"ImageObject\",\"inLanguage\":\"pt-BR\",\"@id\":\"https:\\\/\\\/projetoslayerup.com.br\\\/smeducacao\\\/obras-literarias\\\/tres-perguntas-inteligentes-que-eu-fiz-e-as-respostas-compriiiiiidas-que-eles-deram\\\/#primaryimage\",\"url\":\"https:\\\/\\\/projetoslayerup.com.br\\\/smeducacao\\\/wp-content\\\/uploads\\\/2026\\\/08\\\/TRES-PERGUNTAS-INTELIGENTES_01.webp\",\"contentUrl\":\"https:\\\/\\\/projetoslayerup.com.br\\\/smeducacao\\\/wp-content\\\/uploads\\\/2026\\\/08\\\/TRES-PERGUNTAS-INTELIGENTES_01.webp\",\"width\":814,\"height\":1234},{\"@type\":\"BreadcrumbList\",\"@id\":\"https:\\\/\\\/projetoslayerup.com.br\\\/smeducacao\\\/obras-literarias\\\/tres-perguntas-inteligentes-que-eu-fiz-e-as-respostas-compriiiiiidas-que-eles-deram\\\/#breadcrumb\",\"itemListElement\":[{\"@type\":\"ListItem\",\"position\":1,\"name\":\"In\u00edcio\",\"item\":\"https:\\\/\\\/projetoslayerup.com.br\\\/smeducacao\\\/\"},{\"@type\":\"ListItem\",\"position\":2,\"name\":\"Tr\u00eas perguntas inteligentes que eu fiz e as respostas compriiiiiidas que eles deram\"}]},{\"@type\":\"WebSite\",\"@id\":\"https:\\\/\\\/projetoslayerup.com.br\\\/smeducacao\\\/#website\",\"url\":\"https:\\\/\\\/projetoslayerup.com.br\\\/smeducacao\\\/\",\"name\":\"SM Educa\u00e7\u00e3o - Juntos cuidamos da educa\u00e7\u00e3o!\",\"description\":\"Transformamos a educa\u00e7\u00e3o por meio de solu\u00e7\u00f5es digitais, solu\u00e7\u00f5es did\u00e1ticas para uma aprendizagem personalizada e solu\u00e7\u00f5es estrat\u00e9gicas eficientes. Juntos cuidamos da Educa\u00e7\u00e3o!\",\"potentialAction\":[{\"@type\":\"SearchAction\",\"target\":{\"@type\":\"EntryPoint\",\"urlTemplate\":\"https:\\\/\\\/projetoslayerup.com.br\\\/smeducacao\\\/?s={search_term_string}\"},\"query-input\":{\"@type\":\"PropertyValueSpecification\",\"valueRequired\":true,\"valueName\":\"search_term_string\"}}],\"inLanguage\":\"pt-BR\"}]}<\/script>\n<!-- \/ Yoast SEO plugin. -->","yoast_head_json":{"title":"Tr\u00eas perguntas inteligentes que eu fiz e as respostas compriiiiiidas que eles deram - SM Educa\u00e7\u00e3o - Juntos cuidamos da educa\u00e7\u00e3o!","robots":{"index":"noindex","follow":"follow","max-snippet":"max-snippet:-1","max-image-preview":"max-image-preview:large","max-video-preview":"max-video-preview:-1"},"og_locale":"pt_BR","og_type":"article","og_title":"Tr\u00eas perguntas inteligentes que eu fiz e as respostas compriiiiiidas que eles deram - SM Educa\u00e7\u00e3o - Juntos cuidamos da educa\u00e7\u00e3o!","og_url":"https:\/\/projetoslayerup.com.br\/smeducacao\/obras-literarias\/tres-perguntas-inteligentes-que-eu-fiz-e-as-respostas-compriiiiiidas-que-eles-deram\/","og_site_name":"SM Educa\u00e7\u00e3o - Juntos cuidamos da educa\u00e7\u00e3o!","article_modified_time":"2026-09-03T21:13:59+00:00","og_image":[{"width":814,"height":1234,"url":"https:\/\/projetoslayerup.com.br\/smeducacao\/wp-content\/uploads\/2026\/08\/TRES-PERGUNTAS-INTELIGENTES_01.webp","type":"image\/webp"}],"twitter_card":"summary_large_image","twitter_misc":{"Est. tempo de leitura":"1 minuto"},"schema":{"@context":"https:\/\/schema.org","@graph":[{"@type":"WebPage","@id":"https:\/\/projetoslayerup.com.br\/smeducacao\/obras-literarias\/tres-perguntas-inteligentes-que-eu-fiz-e-as-respostas-compriiiiiidas-que-eles-deram\/","url":"https:\/\/projetoslayerup.com.br\/smeducacao\/obras-literarias\/tres-perguntas-inteligentes-que-eu-fiz-e-as-respostas-compriiiiiidas-que-eles-deram\/","name":"Tr\u00eas perguntas inteligentes que eu fiz e as respostas compriiiiiidas que eles deram - SM Educa\u00e7\u00e3o - Juntos cuidamos da educa\u00e7\u00e3o!","isPartOf":{"@id":"https:\/\/projetoslayerup.com.br\/smeducacao\/#website"},"primaryImageOfPage":{"@id":"https:\/\/projetoslayerup.com.br\/smeducacao\/obras-literarias\/tres-perguntas-inteligentes-que-eu-fiz-e-as-respostas-compriiiiiidas-que-eles-deram\/#primaryimage"},"image":{"@id":"https:\/\/projetoslayerup.com.br\/smeducacao\/obras-literarias\/tres-perguntas-inteligentes-que-eu-fiz-e-as-respostas-compriiiiiidas-que-eles-deram\/#primaryimage"},"thumbnailUrl":"https:\/\/projetoslayerup.com.br\/smeducacao\/wp-content\/uploads\/2026\/08\/TRES-PERGUNTAS-INTELIGENTES_01.webp","datePublished":"2026-08-04T17:47:44+00:00","dateModified":"2026-09-03T21:13:59+00:00","breadcrumb":{"@id":"https:\/\/projetoslayerup.com.br\/smeducacao\/obras-literarias\/tres-perguntas-inteligentes-que-eu-fiz-e-as-respostas-compriiiiiidas-que-eles-deram\/#breadcrumb"},"inLanguage":"pt-BR","potentialAction":[{"@type":"ReadAction","target":["https:\/\/projetoslayerup.com.br\/smeducacao\/obras-literarias\/tres-perguntas-inteligentes-que-eu-fiz-e-as-respostas-compriiiiiidas-que-eles-deram\/"]}]},{"@type":"ImageObject","inLanguage":"pt-BR","@id":"https:\/\/projetoslayerup.com.br\/smeducacao\/obras-literarias\/tres-perguntas-inteligentes-que-eu-fiz-e-as-respostas-compriiiiiidas-que-eles-deram\/#primaryimage","url":"https:\/\/projetoslayerup.com.br\/smeducacao\/wp-content\/uploads\/2026\/08\/TRES-PERGUNTAS-INTELIGENTES_01.webp","contentUrl":"https:\/\/projetoslayerup.com.br\/smeducacao\/wp-content\/uploads\/2026\/08\/TRES-PERGUNTAS-INTELIGENTES_01.webp","width":814,"height":1234},{"@type":"BreadcrumbList","@id":"https:\/\/projetoslayerup.com.br\/smeducacao\/obras-literarias\/tres-perguntas-inteligentes-que-eu-fiz-e-as-respostas-compriiiiiidas-que-eles-deram\/#breadcrumb","itemListElement":[{"@type":"ListItem","position":1,"name":"In\u00edcio","item":"https:\/\/projetoslayerup.com.br\/smeducacao\/"},{"@type":"ListItem","position":2,"name":"Tr\u00eas perguntas inteligentes que eu fiz e as respostas compriiiiiidas que eles deram"}]},{"@type":"WebSite","@id":"https:\/\/projetoslayerup.com.br\/smeducacao\/#website","url":"https:\/\/projetoslayerup.com.br\/smeducacao\/","name":"SM Educa\u00e7\u00e3o - Juntos cuidamos da educa\u00e7\u00e3o!","description":"Transformamos a educa\u00e7\u00e3o por meio de solu\u00e7\u00f5es digitais, solu\u00e7\u00f5es did\u00e1ticas para uma aprendizagem personalizada e solu\u00e7\u00f5es estrat\u00e9gicas eficientes. Juntos cuidamos da Educa\u00e7\u00e3o!","potentialAction":[{"@type":"SearchAction","target":{"@type":"EntryPoint","urlTemplate":"https:\/\/projetoslayerup.com.br\/smeducacao\/?s={search_term_string}"},"query-input":{"@type":"PropertyValueSpecification","valueRequired":true,"valueName":"search_term_string"}}],"inLanguage":"pt-BR"}]}},"_links":{"self":[{"href":"https:\/\/projetoslayerup.com.br\/smeducacao\/wp-json\/wp\/v2\/livros_literatura\/10975","targetHints":{"allow":["GET"]}}],"collection":[{"href":"https:\/\/projetoslayerup.com.br\/smeducacao\/wp-json\/wp\/v2\/livros_literatura"}],"about":[{"href":"https:\/\/projetoslayerup.com.br\/smeducacao\/wp-json\/wp\/v2\/types\/livros_literatura"}],"wp:featuredmedia":[{"embeddable":true,"href":"https:\/\/projetoslayerup.com.br\/smeducacao\/wp-json\/wp\/v2\/media\/13990"}],"wp:attachment":[{"href":"https:\/\/projetoslayerup.com.br\/smeducacao\/wp-json\/wp\/v2\/media?parent=10975"}],"wp:term":[{"taxonomy":"componente_curricular","embeddable":true,"href":"https:\/\/projetoslayerup.com.br\/smeducacao\/wp-json\/wp\/v2\/componente_curricular?post=10975"},{"taxonomy":"autor","embeddable":true,"href":"https:\/\/projetoslayerup.com.br\/smeducacao\/wp-json\/wp\/v2\/autor?post=10975"},{"taxonomy":"ilustrador","embeddable":true,"href":"https:\/\/projetoslayerup.com.br\/smeducacao\/wp-json\/wp\/v2\/ilustrador?post=10975"},{"taxonomy":"colecao_literatura","embeddable":true,"href":"https:\/\/projetoslayerup.com.br\/smeducacao\/wp-json\/wp\/v2\/colecao_literatura?post=10975"},{"taxonomy":"tema_literatura","embeddable":true,"href":"https:\/\/projetoslayerup.com.br\/smeducacao\/wp-json\/wp\/v2\/tema_literatura?post=10975"},{"taxonomy":"ano_escolar_literatura","embeddable":true,"href":"https:\/\/projetoslayerup.com.br\/smeducacao\/wp-json\/wp\/v2\/ano_escolar_literatura?post=10975"},{"taxonomy":"segmento_literatura","embeddable":true,"href":"https:\/\/projetoslayerup.com.br\/smeducacao\/wp-json\/wp\/v2\/segmento_literatura?post=10975"},{"taxonomy":"tradutor","embeddable":true,"href":"https:\/\/projetoslayerup.com.br\/smeducacao\/wp-json\/wp\/v2\/tradutor?post=10975"}],"curies":[{"name":"wp","href":"https:\/\/api.w.org\/{rel}","templated":true}]}}

Três perguntas inteligentes que eu fiz e as respostas compriiiiiidas que eles deram

<!-- This site is optimized with the Yoast SEO plugin v28.3 - https://yoast.com/product/yoast-seo-wordpress/ -->
<title>Três perguntas inteligentes que eu fiz e as respostas compriiiiiidas que eles deram - SM Educação - Juntos cuidamos da educação!</title>
<meta name="robots" content="noindex, follow, max-snippet:-1, max-image-preview:large, max-video-preview:-1" />
<meta property="og:locale" content="pt_BR" />
<meta property="og:type" content="article" />
<meta property="og:title" content="Três perguntas inteligentes que eu fiz e as respostas compriiiiiidas que eles deram - SM Educação - Juntos cuidamos da educação!" />
<meta property="og:url" content="https://projetoslayerup.com.br/smeducacao/obras-literarias/tres-perguntas-inteligentes-que-eu-fiz-e-as-respostas-compriiiiiidas-que-eles-deram/" />
<meta property="og:site_name" content="SM Educação - Juntos cuidamos da educação!" />
<meta property="article:modified_time" content="2026-09-03T21:13:59+00:00" />
<meta property="og:image" content="https://projetoslayerup.com.br/smeducacao/wp-content/uploads/2026/08/TRES-PERGUNTAS-INTELIGENTES_01.webp" />
	<meta property="og:image:width" content="814" />
	<meta property="og:image:height" content="1234" />
	<meta property="og:image:type" content="image/webp" />
<meta name="twitter:card" content="summary_large_image" />
<meta name="twitter:label1" content="Est. tempo de leitura" />
	<meta name="twitter:data1" content="1 minuto" />
<script type="application/ld+json" class="yoast-schema-graph">{"@context":"https:\/\/schema.org","@graph":[{"@type":"WebPage","@id":"https:\/\/projetoslayerup.com.br\/smeducacao\/obras-literarias\/tres-perguntas-inteligentes-que-eu-fiz-e-as-respostas-compriiiiiidas-que-eles-deram\/","url":"https:\/\/projetoslayerup.com.br\/smeducacao\/obras-literarias\/tres-perguntas-inteligentes-que-eu-fiz-e-as-respostas-compriiiiiidas-que-eles-deram\/","name":"Três perguntas inteligentes que eu fiz e as respostas compriiiiiidas que eles deram - SM Educação - Juntos cuidamos da educação!","isPartOf":{"@id":"https:\/\/projetoslayerup.com.br\/smeducacao\/#website"},"primaryImageOfPage":{"@id":"https:\/\/projetoslayerup.com.br\/smeducacao\/obras-literarias\/tres-perguntas-inteligentes-que-eu-fiz-e-as-respostas-compriiiiiidas-que-eles-deram\/#primaryimage"},"image":{"@id":"https:\/\/projetoslayerup.com.br\/smeducacao\/obras-literarias\/tres-perguntas-inteligentes-que-eu-fiz-e-as-respostas-compriiiiiidas-que-eles-deram\/#primaryimage"},"thumbnailUrl":"https:\/\/projetoslayerup.com.br\/smeducacao\/wp-content\/uploads\/2026\/08\/TRES-PERGUNTAS-INTELIGENTES_01.webp","datePublished":"2026-08-04T17:47:44+00:00","dateModified":"2026-09-03T21:13:59+00:00","breadcrumb":{"@id":"https:\/\/projetoslayerup.com.br\/smeducacao\/obras-literarias\/tres-perguntas-inteligentes-que-eu-fiz-e-as-respostas-compriiiiiidas-que-eles-deram\/#breadcrumb"},"inLanguage":"pt-BR","potentialAction":[{"@type":"ReadAction","target":["https:\/\/projetoslayerup.com.br\/smeducacao\/obras-literarias\/tres-perguntas-inteligentes-que-eu-fiz-e-as-respostas-compriiiiiidas-que-eles-deram\/"]}]},{"@type":"ImageObject","inLanguage":"pt-BR","@id":"https:\/\/projetoslayerup.com.br\/smeducacao\/obras-literarias\/tres-perguntas-inteligentes-que-eu-fiz-e-as-respostas-compriiiiiidas-que-eles-deram\/#primaryimage","url":"https:\/\/projetoslayerup.com.br\/smeducacao\/wp-content\/uploads\/2026\/08\/TRES-PERGUNTAS-INTELIGENTES_01.webp","contentUrl":"https:\/\/projetoslayerup.com.br\/smeducacao\/wp-content\/uploads\/2026\/08\/TRES-PERGUNTAS-INTELIGENTES_01.webp","width":814,"height":1234},{"@type":"BreadcrumbList","@id":"https:\/\/projetoslayerup.com.br\/smeducacao\/obras-literarias\/tres-perguntas-inteligentes-que-eu-fiz-e-as-respostas-compriiiiiidas-que-eles-deram\/#breadcrumb","itemListElement":[{"@type":"ListItem","position":1,"name":"Início","item":"https:\/\/projetoslayerup.com.br\/smeducacao\/"},{"@type":"ListItem","position":2,"name":"Três perguntas inteligentes que eu fiz e as respostas compriiiiiidas que eles deram"}]},{"@type":"WebSite","@id":"https:\/\/projetoslayerup.com.br\/smeducacao\/#website","url":"https:\/\/projetoslayerup.com.br\/smeducacao\/","name":"SM Educação - Juntos cuidamos da educação!","description":"Transformamos a educação por meio de soluções digitais, soluções didáticas para uma aprendizagem personalizada e soluções estratégicas eficientes. Juntos cuidamos da Educação!","potentialAction":[{"@type":"SearchAction","target":{"@type":"EntryPoint","urlTemplate":"https:\/\/projetoslayerup.com.br\/smeducacao\/?s={search_term_string}"},"query-input":{"@type":"PropertyValueSpecification","valueRequired":true,"valueName":"search_term_string"}}],"inLanguage":"pt-BR"}]}</script>
<!-- / Yoast SEO plugin. -->

Três perguntas inteligentes que eu fiz e as respostas compriiiiiidas que eles deram - SM Educação - Juntos cuidamos da educação!

SM Educação - Juntos cuidamos da educação!

Início

Transformamos a educação por meio de soluções digitais, soluções didáticas para uma aprendizagem personalizada e soluções estratégicas eficientes. Juntos cuidamos da Educação!
