{"id":11064,"date":"2026-08-04T17:47:45","date_gmt":"2026-08-04T17:47:45","guid":{"rendered":"https:\/\/projetoslayerup.com.br\/smeducacao\/obras-literarias\/o-sapato-pato-de-pablo\/"},"modified":"2026-08-26T19:35:12","modified_gmt":"2026-08-26T19:35:12","slug":"o-sapato-pato-de-pablo","status":"publish","type":"livros_literatura","link":"https:\/\/projetoslayerup.com.br\/smeducacao\/obras-literarias\/o-sapato-pato-de-pablo\/","title":{"rendered":"O sapato-pato de Pablo"},"excerpt":{"rendered":"","protected":false},"featured_media":11918,"template":"","meta":{"_acf_changed":false},"componente_curricular":[],"autor":[357],"ilustrador":[996],"colecao_literatura":[177],"tema_literatura":[1612,1654,1716,1673],"ano_escolar_literatura":[207,209],"segmento_literatura":[],"tradutor":[],"class_list":["post-11064","livros_literatura","type-livros_literatura","status-publish","has-post-thumbnail","hentry","autor-marcelo-juca","ilustrador-andre-vieira","colecao_literatura-tatu-bola","tema_literatura-animais","tema_literatura-familia","tema_literatura-ferias","tema_literatura-meio-ambiente","ano_escolar_literatura-3o-ano","ano_escolar_literatura-4o-ano"],"acf":[],"yoast_head":"<!-- This site is optimized with the Yoast SEO plugin v28.3 - https:\/\/yoast.com\/product\/yoast-seo-wordpress\/ -->\n<title>O sapato-pato de Pablo - SM Educa\u00e7\u00e3o - Juntos cuidamos da educa\u00e7\u00e3o!<\/title>\n<meta name=\"robots\" content=\"noindex, follow, max-snippet:-1, max-image-preview:large, max-video-preview:-1\" \/>\n<meta property=\"og:locale\" content=\"pt_BR\" \/>\n<meta property=\"og:type\" content=\"article\" \/>\n<meta property=\"og:title\" content=\"O sapato-pato de Pablo - SM Educa\u00e7\u00e3o - Juntos cuidamos da educa\u00e7\u00e3o!\" \/>\n<meta property=\"og:url\" content=\"https:\/\/projetoslayerup.com.br\/smeducacao\/obras-literarias\/o-sapato-pato-de-pablo\/\" \/>\n<meta property=\"og:site_name\" content=\"SM Educa\u00e7\u00e3o - Juntos cuidamos da educa\u00e7\u00e3o!\" \/>\n<meta property=\"article:modified_time\" content=\"2026-08-26T19:35:12+00:00\" \/>\n<meta property=\"og:image\" content=\"https:\/\/projetoslayerup.com.br\/smeducacao\/wp-content\/uploads\/2026\/08\/O-SAPATO-PATO-DE-PABLO_bx.webp\" \/>\n\t<meta property=\"og:image:width\" content=\"1236\" \/>\n\t<meta property=\"og:image:height\" content=\"1356\" \/>\n\t<meta property=\"og:image:type\" content=\"image\/webp\" \/>\n<meta name=\"twitter:card\" content=\"summary_large_image\" \/>\n<meta name=\"twitter:label1\" content=\"Est. tempo de leitura\" \/>\n\t<meta name=\"twitter:data1\" content=\"1 minuto\" \/>\n<script type=\"application\/ld+json\" class=\"yoast-schema-graph\">{\"@context\":\"https:\\\/\\\/schema.org\",\"@graph\":[{\"@type\":\"WebPage\",\"@id\":\"https:\\\/\\\/projetoslayerup.com.br\\\/smeducacao\\\/obras-literarias\\\/o-sapato-pato-de-pablo\\\/\",\"url\":\"https:\\\/\\\/projetoslayerup.com.br\\\/smeducacao\\\/obras-literarias\\\/o-sapato-pato-de-pablo\\\/\",\"name\":\"O sapato-pato de Pablo - SM Educa\u00e7\u00e3o - Juntos cuidamos da educa\u00e7\u00e3o!\",\"isPartOf\":{\"@id\":\"https:\\\/\\\/projetoslayerup.com.br\\\/smeducacao\\\/#website\"},\"primaryImageOfPage\":{\"@id\":\"https:\\\/\\\/projetoslayerup.com.br\\\/smeducacao\\\/obras-literarias\\\/o-sapato-pato-de-pablo\\\/#primaryimage\"},\"image\":{\"@id\":\"https:\\\/\\\/projetoslayerup.com.br\\\/smeducacao\\\/obras-literarias\\\/o-sapato-pato-de-pablo\\\/#primaryimage\"},\"thumbnailUrl\":\"https:\\\/\\\/projetoslayerup.com.br\\\/smeducacao\\\/wp-content\\\/uploads\\\/2026\\\/08\\\/O-SAPATO-PATO-DE-PABLO_bx.webp\",\"datePublished\":\"2026-08-04T17:47:45+00:00\",\"dateModified\":\"2026-08-26T19:35:12+00:00\",\"breadcrumb\":{\"@id\":\"https:\\\/\\\/projetoslayerup.com.br\\\/smeducacao\\\/obras-literarias\\\/o-sapato-pato-de-pablo\\\/#breadcrumb\"},\"inLanguage\":\"pt-BR\",\"potentialAction\":[{\"@type\":\"ReadAction\",\"target\":[\"https:\\\/\\\/projetoslayerup.com.br\\\/smeducacao\\\/obras-literarias\\\/o-sapato-pato-de-pablo\\\/\"]}]},{\"@type\":\"ImageObject\",\"inLanguage\":\"pt-BR\",\"@id\":\"https:\\\/\\\/projetoslayerup.com.br\\\/smeducacao\\\/obras-literarias\\\/o-sapato-pato-de-pablo\\\/#primaryimage\",\"url\":\"https:\\\/\\\/projetoslayerup.com.br\\\/smeducacao\\\/wp-content\\\/uploads\\\/2026\\\/08\\\/O-SAPATO-PATO-DE-PABLO_bx.webp\",\"contentUrl\":\"https:\\\/\\\/projetoslayerup.com.br\\\/smeducacao\\\/wp-content\\\/uploads\\\/2026\\\/08\\\/O-SAPATO-PATO-DE-PABLO_bx.webp\",\"width\":1236,\"height\":1356},{\"@type\":\"BreadcrumbList\",\"@id\":\"https:\\\/\\\/projetoslayerup.com.br\\\/smeducacao\\\/obras-literarias\\\/o-sapato-pato-de-pablo\\\/#breadcrumb\",\"itemListElement\":[{\"@type\":\"ListItem\",\"position\":1,\"name\":\"In\u00edcio\",\"item\":\"https:\\\/\\\/projetoslayerup.com.br\\\/smeducacao\\\/\"},{\"@type\":\"ListItem\",\"position\":2,\"name\":\"O sapato-pato de Pablo\"}]},{\"@type\":\"WebSite\",\"@id\":\"https:\\\/\\\/projetoslayerup.com.br\\\/smeducacao\\\/#website\",\"url\":\"https:\\\/\\\/projetoslayerup.com.br\\\/smeducacao\\\/\",\"name\":\"SM Educa\u00e7\u00e3o - Juntos cuidamos da educa\u00e7\u00e3o!\",\"description\":\"Transformamos a educa\u00e7\u00e3o por meio de solu\u00e7\u00f5es digitais, solu\u00e7\u00f5es did\u00e1ticas para uma aprendizagem personalizada e solu\u00e7\u00f5es estrat\u00e9gicas eficientes. Juntos cuidamos da Educa\u00e7\u00e3o!\",\"potentialAction\":[{\"@type\":\"SearchAction\",\"target\":{\"@type\":\"EntryPoint\",\"urlTemplate\":\"https:\\\/\\\/projetoslayerup.com.br\\\/smeducacao\\\/?s={search_term_string}\"},\"query-input\":{\"@type\":\"PropertyValueSpecification\",\"valueRequired\":true,\"valueName\":\"search_term_string\"}}],\"inLanguage\":\"pt-BR\"}]}<\/script>\n<!-- \/ Yoast SEO plugin. -->","yoast_head_json":{"title":"O sapato-pato de Pablo - SM Educa\u00e7\u00e3o - Juntos cuidamos da educa\u00e7\u00e3o!","robots":{"index":"noindex","follow":"follow","max-snippet":"max-snippet:-1","max-image-preview":"max-image-preview:large","max-video-preview":"max-video-preview:-1"},"og_locale":"pt_BR","og_type":"article","og_title":"O sapato-pato de Pablo - SM Educa\u00e7\u00e3o - Juntos cuidamos da educa\u00e7\u00e3o!","og_url":"https:\/\/projetoslayerup.com.br\/smeducacao\/obras-literarias\/o-sapato-pato-de-pablo\/","og_site_name":"SM Educa\u00e7\u00e3o - Juntos cuidamos da educa\u00e7\u00e3o!","article_modified_time":"2026-08-26T19:35:12+00:00","og_image":[{"width":1236,"height":1356,"url":"https:\/\/projetoslayerup.com.br\/smeducacao\/wp-content\/uploads\/2026\/08\/O-SAPATO-PATO-DE-PABLO_bx.webp","type":"image\/webp"}],"twitter_card":"summary_large_image","twitter_misc":{"Est. tempo de leitura":"1 minuto"},"schema":{"@context":"https:\/\/schema.org","@graph":[{"@type":"WebPage","@id":"https:\/\/projetoslayerup.com.br\/smeducacao\/obras-literarias\/o-sapato-pato-de-pablo\/","url":"https:\/\/projetoslayerup.com.br\/smeducacao\/obras-literarias\/o-sapato-pato-de-pablo\/","name":"O sapato-pato de Pablo - SM Educa\u00e7\u00e3o - Juntos cuidamos da educa\u00e7\u00e3o!","isPartOf":{"@id":"https:\/\/projetoslayerup.com.br\/smeducacao\/#website"},"primaryImageOfPage":{"@id":"https:\/\/projetoslayerup.com.br\/smeducacao\/obras-literarias\/o-sapato-pato-de-pablo\/#primaryimage"},"image":{"@id":"https:\/\/projetoslayerup.com.br\/smeducacao\/obras-literarias\/o-sapato-pato-de-pablo\/#primaryimage"},"thumbnailUrl":"https:\/\/projetoslayerup.com.br\/smeducacao\/wp-content\/uploads\/2026\/08\/O-SAPATO-PATO-DE-PABLO_bx.webp","datePublished":"2026-08-04T17:47:45+00:00","dateModified":"2026-08-26T19:35:12+00:00","breadcrumb":{"@id":"https:\/\/projetoslayerup.com.br\/smeducacao\/obras-literarias\/o-sapato-pato-de-pablo\/#breadcrumb"},"inLanguage":"pt-BR","potentialAction":[{"@type":"ReadAction","target":["https:\/\/projetoslayerup.com.br\/smeducacao\/obras-literarias\/o-sapato-pato-de-pablo\/"]}]},{"@type":"ImageObject","inLanguage":"pt-BR","@id":"https:\/\/projetoslayerup.com.br\/smeducacao\/obras-literarias\/o-sapato-pato-de-pablo\/#primaryimage","url":"https:\/\/projetoslayerup.com.br\/smeducacao\/wp-content\/uploads\/2026\/08\/O-SAPATO-PATO-DE-PABLO_bx.webp","contentUrl":"https:\/\/projetoslayerup.com.br\/smeducacao\/wp-content\/uploads\/2026\/08\/O-SAPATO-PATO-DE-PABLO_bx.webp","width":1236,"height":1356},{"@type":"BreadcrumbList","@id":"https:\/\/projetoslayerup.com.br\/smeducacao\/obras-literarias\/o-sapato-pato-de-pablo\/#breadcrumb","itemListElement":[{"@type":"ListItem","position":1,"name":"In\u00edcio","item":"https:\/\/projetoslayerup.com.br\/smeducacao\/"},{"@type":"ListItem","position":2,"name":"O sapato-pato de Pablo"}]},{"@type":"WebSite","@id":"https:\/\/projetoslayerup.com.br\/smeducacao\/#website","url":"https:\/\/projetoslayerup.com.br\/smeducacao\/","name":"SM Educa\u00e7\u00e3o - Juntos cuidamos da educa\u00e7\u00e3o!","description":"Transformamos a educa\u00e7\u00e3o por meio de solu\u00e7\u00f5es digitais, solu\u00e7\u00f5es did\u00e1ticas para uma aprendizagem personalizada e solu\u00e7\u00f5es estrat\u00e9gicas eficientes. Juntos cuidamos da Educa\u00e7\u00e3o!","potentialAction":[{"@type":"SearchAction","target":{"@type":"EntryPoint","urlTemplate":"https:\/\/projetoslayerup.com.br\/smeducacao\/?s={search_term_string}"},"query-input":{"@type":"PropertyValueSpecification","valueRequired":true,"valueName":"search_term_string"}}],"inLanguage":"pt-BR"}]}},"_links":{"self":[{"href":"https:\/\/projetoslayerup.com.br\/smeducacao\/wp-json\/wp\/v2\/livros_literatura\/11064","targetHints":{"allow":["GET"]}}],"collection":[{"href":"https:\/\/projetoslayerup.com.br\/smeducacao\/wp-json\/wp\/v2\/livros_literatura"}],"about":[{"href":"https:\/\/projetoslayerup.com.br\/smeducacao\/wp-json\/wp\/v2\/types\/livros_literatura"}],"wp:featuredmedia":[{"embeddable":true,"href":"https:\/\/projetoslayerup.com.br\/smeducacao\/wp-json\/wp\/v2\/media\/11918"}],"wp:attachment":[{"href":"https:\/\/projetoslayerup.com.br\/smeducacao\/wp-json\/wp\/v2\/media?parent=11064"}],"wp:term":[{"taxonomy":"componente_curricular","embeddable":true,"href":"https:\/\/projetoslayerup.com.br\/smeducacao\/wp-json\/wp\/v2\/componente_curricular?post=11064"},{"taxonomy":"autor","embeddable":true,"href":"https:\/\/projetoslayerup.com.br\/smeducacao\/wp-json\/wp\/v2\/autor?post=11064"},{"taxonomy":"ilustrador","embeddable":true,"href":"https:\/\/projetoslayerup.com.br\/smeducacao\/wp-json\/wp\/v2\/ilustrador?post=11064"},{"taxonomy":"colecao_literatura","embeddable":true,"href":"https:\/\/projetoslayerup.com.br\/smeducacao\/wp-json\/wp\/v2\/colecao_literatura?post=11064"},{"taxonomy":"tema_literatura","embeddable":true,"href":"https:\/\/projetoslayerup.com.br\/smeducacao\/wp-json\/wp\/v2\/tema_literatura?post=11064"},{"taxonomy":"ano_escolar_literatura","embeddable":true,"href":"https:\/\/projetoslayerup.com.br\/smeducacao\/wp-json\/wp\/v2\/ano_escolar_literatura?post=11064"},{"taxonomy":"segmento_literatura","embeddable":true,"href":"https:\/\/projetoslayerup.com.br\/smeducacao\/wp-json\/wp\/v2\/segmento_literatura?post=11064"},{"taxonomy":"tradutor","embeddable":true,"href":"https:\/\/projetoslayerup.com.br\/smeducacao\/wp-json\/wp\/v2\/tradutor?post=11064"}],"curies":[{"name":"wp","href":"https:\/\/api.w.org\/{rel}","templated":true}]}}

<!-- This site is optimized with the Yoast SEO plugin v28.3 - https://yoast.com/product/yoast-seo-wordpress/ -->
<title>O sapato-pato de Pablo - SM Educação - Juntos cuidamos da educação!</title>
<meta name="robots" content="noindex, follow, max-snippet:-1, max-image-preview:large, max-video-preview:-1" />
<meta property="og:locale" content="pt_BR" />
<meta property="og:type" content="article" />
<meta property="og:title" content="O sapato-pato de Pablo - SM Educação - Juntos cuidamos da educação!" />
<meta property="og:url" content="https://projetoslayerup.com.br/smeducacao/obras-literarias/o-sapato-pato-de-pablo/" />
<meta property="og:site_name" content="SM Educação - Juntos cuidamos da educação!" />
<meta property="article:modified_time" content="2026-08-26T19:35:12+00:00" />
<meta property="og:image" content="https://projetoslayerup.com.br/smeducacao/wp-content/uploads/2026/08/O-SAPATO-PATO-DE-PABLO_bx.webp" />
	<meta property="og:image:width" content="1236" />
	<meta property="og:image:height" content="1356" />
	<meta property="og:image:type" content="image/webp" />
<meta name="twitter:card" content="summary_large_image" />
<meta name="twitter:label1" content="Est. tempo de leitura" />
	<meta name="twitter:data1" content="1 minuto" />
<script type="application/ld+json" class="yoast-schema-graph">{"@context":"https:\/\/schema.org","@graph":[{"@type":"WebPage","@id":"https:\/\/projetoslayerup.com.br\/smeducacao\/obras-literarias\/o-sapato-pato-de-pablo\/","url":"https:\/\/projetoslayerup.com.br\/smeducacao\/obras-literarias\/o-sapato-pato-de-pablo\/","name":"O sapato-pato de Pablo - SM Educação - Juntos cuidamos da educação!","isPartOf":{"@id":"https:\/\/projetoslayerup.com.br\/smeducacao\/#website"},"primaryImageOfPage":{"@id":"https:\/\/projetoslayerup.com.br\/smeducacao\/obras-literarias\/o-sapato-pato-de-pablo\/#primaryimage"},"image":{"@id":"https:\/\/projetoslayerup.com.br\/smeducacao\/obras-literarias\/o-sapato-pato-de-pablo\/#primaryimage"},"thumbnailUrl":"https:\/\/projetoslayerup.com.br\/smeducacao\/wp-content\/uploads\/2026\/08\/O-SAPATO-PATO-DE-PABLO_bx.webp","datePublished":"2026-08-04T17:47:45+00:00","dateModified":"2026-08-26T19:35:12+00:00","breadcrumb":{"@id":"https:\/\/projetoslayerup.com.br\/smeducacao\/obras-literarias\/o-sapato-pato-de-pablo\/#breadcrumb"},"inLanguage":"pt-BR","potentialAction":[{"@type":"ReadAction","target":["https:\/\/projetoslayerup.com.br\/smeducacao\/obras-literarias\/o-sapato-pato-de-pablo\/"]}]},{"@type":"ImageObject","inLanguage":"pt-BR","@id":"https:\/\/projetoslayerup.com.br\/smeducacao\/obras-literarias\/o-sapato-pato-de-pablo\/#primaryimage","url":"https:\/\/projetoslayerup.com.br\/smeducacao\/wp-content\/uploads\/2026\/08\/O-SAPATO-PATO-DE-PABLO_bx.webp","contentUrl":"https:\/\/projetoslayerup.com.br\/smeducacao\/wp-content\/uploads\/2026\/08\/O-SAPATO-PATO-DE-PABLO_bx.webp","width":1236,"height":1356},{"@type":"BreadcrumbList","@id":"https:\/\/projetoslayerup.com.br\/smeducacao\/obras-literarias\/o-sapato-pato-de-pablo\/#breadcrumb","itemListElement":[{"@type":"ListItem","position":1,"name":"Início","item":"https:\/\/projetoslayerup.com.br\/smeducacao\/"},{"@type":"ListItem","position":2,"name":"O sapato-pato de Pablo"}]},{"@type":"WebSite","@id":"https:\/\/projetoslayerup.com.br\/smeducacao\/#website","url":"https:\/\/projetoslayerup.com.br\/smeducacao\/","name":"SM Educação - Juntos cuidamos da educação!","description":"Transformamos a educação por meio de soluções digitais, soluções didáticas para uma aprendizagem personalizada e soluções estratégicas eficientes. Juntos cuidamos da Educação!","potentialAction":[{"@type":"SearchAction","target":{"@type":"EntryPoint","urlTemplate":"https:\/\/projetoslayerup.com.br\/smeducacao\/?s={search_term_string}"},"query-input":{"@type":"PropertyValueSpecification","valueRequired":true,"valueName":"search_term_string"}}],"inLanguage":"pt-BR"}]}</script>
<!-- / Yoast SEO plugin. -->

O sapato-pato de Pablo - SM Educação - Juntos cuidamos da educação!

SM Educação - Juntos cuidamos da educação!

Início

Transformamos a educação por meio de soluções digitais, soluções didáticas para uma aprendizagem personalizada e soluções estratégicas eficientes. Juntos cuidamos da Educação!
