{"id":210,"date":"2025-06-26T20:44:36","date_gmt":"2025-06-26T23:44:36","guid":{"rendered":"https:\/\/projetoslayerup.com.br\/somos-b2g\/?page_id=210"},"modified":"2025-12-10T14:42:14","modified_gmt":"2025-12-10T17:42:14","slug":"solucoes","status":"publish","type":"page","link":"https:\/\/projetoslayerup.com.br\/somos-b2g\/solucoes\/","title":{"rendered":"Solu\u00e7\u00f5es"},"content":{"rendered":"","protected":false},"excerpt":{"rendered":"","protected":false},"author":1,"featured_media":0,"parent":0,"menu_order":0,"comment_status":"closed","ping_status":"closed","template":"pages\/quem-solucoes.php","meta":{"_acf_changed":false,"inline_featured_image":false,"footnotes":""},"class_list":["post-210","page","type-page","status-publish","hentry"],"acf":[],"yoast_head":"<!-- This site is optimized with the Yoast SEO plugin v27.2 - https:\/\/yoast.com\/product\/yoast-seo-wordpress\/ -->\n<title>SOMOS para todos | Solu\u00e7\u00f5es para rede p\u00fablica<\/title>\n<meta name=\"description\" content=\"Conhe\u00e7a as solu\u00e7\u00f5es da SOMOS para todos e descubra como elas podem transformar os resultados da rede p\u00fablica.\" \/>\n<meta name=\"robots\" content=\"noindex, follow, max-snippet:-1, max-image-preview:large, max-video-preview:-1\" \/>\n<meta property=\"og:locale\" content=\"pt_BR\" \/>\n<meta property=\"og:type\" content=\"article\" \/>\n<meta property=\"og:title\" content=\"SOMOS para todos | Solu\u00e7\u00f5es para rede p\u00fablica\" \/>\n<meta property=\"og:description\" content=\"Conhe\u00e7a as solu\u00e7\u00f5es da SOMOS para todos e descubra como elas podem transformar os resultados da rede p\u00fablica.\" \/>\n<meta property=\"og:url\" content=\"https:\/\/projetoslayerup.com.br\/somos-b2g\/solucoes\/\" \/>\n<meta property=\"og:site_name\" content=\"SOMOS PARA TODOS\" \/>\n<meta property=\"article:modified_time\" content=\"2025-12-10T17:42:14+00:00\" \/>\n<meta name=\"twitter:card\" content=\"summary_large_image\" \/>\n<script type=\"application\/ld+json\" class=\"yoast-schema-graph\">{\"@context\":\"https:\/\/schema.org\",\"@graph\":[{\"@type\":\"WebPage\",\"@id\":\"https:\/\/projetoslayerup.com.br\/somos-b2g\/solucoes\/\",\"url\":\"https:\/\/projetoslayerup.com.br\/somos-b2g\/solucoes\/\",\"name\":\"SOMOS para todos | Solu\u00e7\u00f5es para rede p\u00fablica\",\"isPartOf\":{\"@id\":\"https:\/\/projetoslayerup.com.br\/somos-b2g\/#website\"},\"datePublished\":\"2025-06-26T23:44:36+00:00\",\"dateModified\":\"2025-12-10T17:42:14+00:00\",\"description\":\"Conhe\u00e7a as solu\u00e7\u00f5es da SOMOS para todos e descubra como elas podem transformar os resultados da rede p\u00fablica.\",\"breadcrumb\":{\"@id\":\"https:\/\/projetoslayerup.com.br\/somos-b2g\/solucoes\/#breadcrumb\"},\"inLanguage\":\"pt-BR\",\"potentialAction\":[{\"@type\":\"ReadAction\",\"target\":[\"https:\/\/projetoslayerup.com.br\/somos-b2g\/solucoes\/\"]}]},{\"@type\":\"BreadcrumbList\",\"@id\":\"https:\/\/projetoslayerup.com.br\/somos-b2g\/solucoes\/#breadcrumb\",\"itemListElement\":[{\"@type\":\"ListItem\",\"position\":1,\"name\":\"In\u00edcio\",\"item\":\"https:\/\/projetoslayerup.com.br\/somos-b2g\/\"},{\"@type\":\"ListItem\",\"position\":2,\"name\":\"Solu\u00e7\u00f5es\"}]},{\"@type\":\"WebSite\",\"@id\":\"https:\/\/projetoslayerup.com.br\/somos-b2g\/#website\",\"url\":\"https:\/\/projetoslayerup.com.br\/somos-b2g\/\",\"name\":\"SOMOS PARA TODOS\",\"description\":\"O melhor da educa\u00e7\u00e3o privada dispon\u00edvel para a escola p\u00fablica\",\"potentialAction\":[{\"@type\":\"SearchAction\",\"target\":{\"@type\":\"EntryPoint\",\"urlTemplate\":\"https:\/\/projetoslayerup.com.br\/somos-b2g\/?s={search_term_string}\"},\"query-input\":{\"@type\":\"PropertyValueSpecification\",\"valueRequired\":true,\"valueName\":\"search_term_string\"}}],\"inLanguage\":\"pt-BR\"}]}<\/script>\n<!-- \/ Yoast SEO plugin. -->","yoast_head_json":{"title":"SOMOS para todos | Solu\u00e7\u00f5es para rede p\u00fablica","description":"Conhe\u00e7a as solu\u00e7\u00f5es da SOMOS para todos e descubra como elas podem transformar os resultados da rede p\u00fablica.","robots":{"index":"noindex","follow":"follow","max-snippet":"max-snippet:-1","max-image-preview":"max-image-preview:large","max-video-preview":"max-video-preview:-1"},"og_locale":"pt_BR","og_type":"article","og_title":"SOMOS para todos | Solu\u00e7\u00f5es para rede p\u00fablica","og_description":"Conhe\u00e7a as solu\u00e7\u00f5es da SOMOS para todos e descubra como elas podem transformar os resultados da rede p\u00fablica.","og_url":"https:\/\/projetoslayerup.com.br\/somos-b2g\/solucoes\/","og_site_name":"SOMOS PARA TODOS","article_modified_time":"2025-12-10T17:42:14+00:00","twitter_card":"summary_large_image","schema":{"@context":"https:\/\/schema.org","@graph":[{"@type":"WebPage","@id":"https:\/\/projetoslayerup.com.br\/somos-b2g\/solucoes\/","url":"https:\/\/projetoslayerup.com.br\/somos-b2g\/solucoes\/","name":"SOMOS para todos | Solu\u00e7\u00f5es para rede p\u00fablica","isPartOf":{"@id":"https:\/\/projetoslayerup.com.br\/somos-b2g\/#website"},"datePublished":"2025-06-26T23:44:36+00:00","dateModified":"2025-12-10T17:42:14+00:00","description":"Conhe\u00e7a as solu\u00e7\u00f5es da SOMOS para todos e descubra como elas podem transformar os resultados da rede p\u00fablica.","breadcrumb":{"@id":"https:\/\/projetoslayerup.com.br\/somos-b2g\/solucoes\/#breadcrumb"},"inLanguage":"pt-BR","potentialAction":[{"@type":"ReadAction","target":["https:\/\/projetoslayerup.com.br\/somos-b2g\/solucoes\/"]}]},{"@type":"BreadcrumbList","@id":"https:\/\/projetoslayerup.com.br\/somos-b2g\/solucoes\/#breadcrumb","itemListElement":[{"@type":"ListItem","position":1,"name":"In\u00edcio","item":"https:\/\/projetoslayerup.com.br\/somos-b2g\/"},{"@type":"ListItem","position":2,"name":"Solu\u00e7\u00f5es"}]},{"@type":"WebSite","@id":"https:\/\/projetoslayerup.com.br\/somos-b2g\/#website","url":"https:\/\/projetoslayerup.com.br\/somos-b2g\/","name":"SOMOS PARA TODOS","description":"O melhor da educa\u00e7\u00e3o privada dispon\u00edvel para a escola p\u00fablica","potentialAction":[{"@type":"SearchAction","target":{"@type":"EntryPoint","urlTemplate":"https:\/\/projetoslayerup.com.br\/somos-b2g\/?s={search_term_string}"},"query-input":{"@type":"PropertyValueSpecification","valueRequired":true,"valueName":"search_term_string"}}],"inLanguage":"pt-BR"}]}},"_links":{"self":[{"href":"https:\/\/projetoslayerup.com.br\/somos-b2g\/wp-json\/wp\/v2\/pages\/210","targetHints":{"allow":["GET"]}}],"collection":[{"href":"https:\/\/projetoslayerup.com.br\/somos-b2g\/wp-json\/wp\/v2\/pages"}],"about":[{"href":"https:\/\/projetoslayerup.com.br\/somos-b2g\/wp-json\/wp\/v2\/types\/page"}],"author":[{"embeddable":true,"href":"https:\/\/projetoslayerup.com.br\/somos-b2g\/wp-json\/wp\/v2\/users\/1"}],"replies":[{"embeddable":true,"href":"https:\/\/projetoslayerup.com.br\/somos-b2g\/wp-json\/wp\/v2\/comments?post=210"}],"version-history":[{"count":148,"href":"https:\/\/projetoslayerup.com.br\/somos-b2g\/wp-json\/wp\/v2\/pages\/210\/revisions"}],"predecessor-version":[{"id":1237,"href":"https:\/\/projetoslayerup.com.br\/somos-b2g\/wp-json\/wp\/v2\/pages\/210\/revisions\/1237"}],"wp:attachment":[{"href":"https:\/\/projetoslayerup.com.br\/somos-b2g\/wp-json\/wp\/v2\/media?parent=210"}],"curies":[{"name":"wp","href":"https:\/\/api.w.org\/{rel}","templated":true}]}}