{"id":266,"date":"2025-06-20T10:32:54","date_gmt":"2025-06-20T13:32:54","guid":{"rendered":"https:\/\/projetoslayerup.com.br\/totem-sicred\/?page_id=266"},"modified":"2025-06-24T10:11:01","modified_gmt":"2025-06-24T13:11:01","slug":"sobre-a-sicredi-asset","status":"publish","type":"page","link":"https:\/\/projetoslayerup.com.br\/totem-sicred\/sobre-a-sicredi-asset\/","title":{"rendered":"Sobre a Sicredi Asset"},"content":{"rendered":"\t\t<div data-elementor-type=\"wp-page\" data-elementor-id=\"266\" class=\"elementor elementor-266\" data-elementor-post-type=\"page\">\n\t\t\t\t<div class=\"elementor-element elementor-element-6e2f5fd e-con-full e-flex e-con e-parent\" data-id=\"6e2f5fd\" data-element_type=\"container\">\n\t\t<div class=\"elementor-element elementor-element-1348744 e-flex e-con-boxed e-con e-child\" data-id=\"1348744\" data-element_type=\"container\" data-settings=\"{&quot;background_background&quot;:&quot;classic&quot;}\">\n\t\t\t\t\t<div class=\"e-con-inner\">\n\t\t\t\t<div class=\"elementor-element elementor-element-2984b47 elementor-widget elementor-widget-text-editor\" data-id=\"2984b47\" data-element_type=\"widget\" data-widget_type=\"text-editor.default\">\n\t\t\t\t<div class=\"elementor-widget-container\">\n\t\t\t\t\t\t\t\t\t<p>Sobre n\u00f3s<\/p>\t\t\t\t\t\t\t\t<\/div>\n\t\t\t\t<\/div>\n\t\t\t\t<div class=\"elementor-element elementor-element-ee523ac elementor-widget elementor-widget-heading\" data-id=\"ee523ac\" data-element_type=\"widget\" data-widget_type=\"heading.default\">\n\t\t\t\t<div class=\"elementor-widget-container\">\n\t\t\t\t\t<h2 class=\"elementor-heading-title elementor-size-default\">A Sicredi Asset Management \u00e9 a<br>gestora de recursos do Sicredi<\/h2>\t\t\t\t<\/div>\n\t\t\t\t<\/div>\n\t\t\t\t\t<\/div>\n\t\t\t\t<\/div>\n\t\t<div class=\"elementor-element elementor-element-86eaf4e e-flex e-con-boxed e-con e-child\" data-id=\"86eaf4e\" data-element_type=\"container\">\n\t\t\t\t\t<div class=\"e-con-inner\">\n\t\t\t\t<div class=\"elementor-element elementor-element-f4d12d1 elementor-widget elementor-widget-text-editor\" data-id=\"f4d12d1\" data-element_type=\"widget\" data-widget_type=\"text-editor.default\">\n\t\t\t\t<div class=\"elementor-widget-container\">\n\t\t\t\t\t\t\t\t\t<p>Geramos retornos consistentes para nossos<br \/>investidores e, assim, alcan\u00e7amos <br \/>grandes resultados.\u00a0<\/p>\t\t\t\t\t\t\t\t<\/div>\n\t\t\t\t<\/div>\n\t\t\t\t<div class=\"elementor-element elementor-element-864d500 elementor-widget elementor-widget-html\" data-id=\"864d500\" data-element_type=\"widget\" data-widget_type=\"html.default\">\n\t\t\t\t<div class=\"elementor-widget-container\">\n\t\t\t\t\t    <div class=\"container\">\n        <div class=\"text-item\" data-text=\"+ R$130 bilh\u00f5es\" data-subtitle=\"sob gest\u00e3o em fundos e carteiras\"><\/div>\n        <div class=\"text-item\" data-text=\"+ 150 fundos\" data-subtitle=\"e carteiras sob gest\u00e3o\"><\/div>\n    <\/div>\t\t\t\t<\/div>\n\t\t\t\t<\/div>\n\t\t\t\t\t<\/div>\n\t\t\t\t<\/div>\n\t\t<div class=\"elementor-element elementor-element-901c24b e-flex e-con-boxed e-con e-child\" data-id=\"901c24b\" data-element_type=\"container\" data-settings=\"{&quot;background_background&quot;:&quot;classic&quot;}\">\n\t\t\t\t\t<div class=\"e-con-inner\">\n\t\t\t\t<div class=\"elementor-element elementor-element-f7f0f2f elementor-widget elementor-widget-text-editor\" data-id=\"f7f0f2f\" data-element_type=\"widget\" data-widget_type=\"text-editor.default\">\n\t\t\t\t<div class=\"elementor-widget-container\">\n\t\t\t\t\t\t\t\t\t<p>No Brasil, somos:<\/p>\t\t\t\t\t\t\t\t<\/div>\n\t\t\t\t<\/div>\n\t\t<div class=\"elementor-element elementor-element-57a4283 e-con-full e-flex e-con e-child\" data-id=\"57a4283\" data-element_type=\"container\">\n\t\t<div class=\"elementor-element elementor-element-1c6266a e-con-full e-flex e-con e-child\" data-id=\"1c6266a\" data-element_type=\"container\" data-settings=\"{&quot;background_background&quot;:&quot;classic&quot;}\">\n\t\t\t\t<div class=\"elementor-element elementor-element-df6eed9 elementor-widget elementor-widget-image\" data-id=\"df6eed9\" data-element_type=\"widget\" data-widget_type=\"image.default\">\n\t\t\t\t<div class=\"elementor-widget-container\">\n\t\t\t\t\t\t\t\t\t\t\t\t\t\t\t<img decoding=\"async\" width=\"48\" height=\"48\" src=\"https:\/\/projetoslayerup.com.br\/totem-sicred\/wp-content\/uploads\/2025\/06\/104px_25-produtos-credito-1-1.png\" class=\"attachment-large size-large wp-image-583\" alt=\"\" \/>\t\t\t\t\t\t\t\t\t\t\t\t\t\t\t<\/div>\n\t\t\t\t<\/div>\n\t\t\t\t<div class=\"elementor-element elementor-element-b9b8d6a elementor-widget elementor-widget-text-editor\" data-id=\"b9b8d6a\" data-element_type=\"widget\" data-widget_type=\"text-editor.default\">\n\t\t\t\t<div class=\"elementor-widget-container\">\n\t\t\t\t\t\t\t\t\t<p>7\u00aa maior asset de renda fixa<\/p>\t\t\t\t\t\t\t\t<\/div>\n\t\t\t\t<\/div>\n\t\t\t\t<\/div>\n\t\t<div class=\"elementor-element elementor-element-409e0fa e-con-full e-flex e-con e-child\" data-id=\"409e0fa\" data-element_type=\"container\" data-settings=\"{&quot;background_background&quot;:&quot;classic&quot;}\">\n\t\t\t\t<div class=\"elementor-element elementor-element-5f6ba64 elementor-widget elementor-widget-image\" data-id=\"5f6ba64\" data-element_type=\"widget\" data-widget_type=\"image.default\">\n\t\t\t\t<div class=\"elementor-widget-container\">\n\t\t\t\t\t\t\t\t\t\t\t\t\t\t\t<img decoding=\"async\" width=\"48\" height=\"48\" src=\"https:\/\/projetoslayerup.com.br\/totem-sicred\/wp-content\/uploads\/2025\/06\/104px_26-produtos-investimento-1-1.png\" class=\"attachment-large size-large wp-image-584\" alt=\"\" \/>\t\t\t\t\t\t\t\t\t\t\t\t\t\t\t<\/div>\n\t\t\t\t<\/div>\n\t\t\t\t<div class=\"elementor-element elementor-element-6745d0f elementor-widget elementor-widget-text-editor\" data-id=\"6745d0f\" data-element_type=\"widget\" data-widget_type=\"text-editor.default\">\n\t\t\t\t<div class=\"elementor-widget-container\">\n\t\t\t\t\t\t\t\t\t<p>7\u00aa maior asset no segmento RPPS<\/p>\t\t\t\t\t\t\t\t<\/div>\n\t\t\t\t<\/div>\n\t\t\t\t<\/div>\n\t\t\t\t<\/div>\n\t\t<div class=\"elementor-element elementor-element-3539aef e-con-full e-flex e-con e-child\" data-id=\"3539aef\" data-element_type=\"container\">\n\t\t<div class=\"elementor-element elementor-element-47f4281 e-con-full e-flex e-con e-child\" data-id=\"47f4281\" data-element_type=\"container\" data-settings=\"{&quot;background_background&quot;:&quot;classic&quot;}\">\n\t\t\t\t<div class=\"elementor-element elementor-element-934e89c elementor-widget elementor-widget-image\" data-id=\"934e89c\" data-element_type=\"widget\" data-widget_type=\"image.default\">\n\t\t\t\t<div class=\"elementor-widget-container\">\n\t\t\t\t\t\t\t\t\t\t\t\t\t\t\t<img decoding=\"async\" width=\"48\" height=\"48\" src=\"https:\/\/projetoslayerup.com.br\/totem-sicred\/wp-content\/uploads\/2025\/06\/104px_27-produtos-poupanca-1-1.png\" class=\"attachment-large size-large wp-image-585\" alt=\"\" \/>\t\t\t\t\t\t\t\t\t\t\t\t\t\t\t<\/div>\n\t\t\t\t<\/div>\n\t\t\t\t<div class=\"elementor-element elementor-element-7bd9ff5 elementor-widget elementor-widget-text-editor\" data-id=\"7bd9ff5\" data-element_type=\"widget\" data-widget_type=\"text-editor.default\">\n\t\t\t\t<div class=\"elementor-widget-container\">\n\t\t\t\t\t\t\t\t\t<p>13\u00aa maior asset do pa\u00eds<\/p>\t\t\t\t\t\t\t\t<\/div>\n\t\t\t\t<\/div>\n\t\t\t\t<\/div>\n\t\t<div class=\"elementor-element elementor-element-3960cda e-con-full e-flex e-con e-child\" data-id=\"3960cda\" data-element_type=\"container\" data-settings=\"{&quot;background_background&quot;:&quot;classic&quot;}\">\n\t\t\t\t<div class=\"elementor-element elementor-element-7c53da7 elementor-widget elementor-widget-image\" data-id=\"7c53da7\" data-element_type=\"widget\" data-widget_type=\"image.default\">\n\t\t\t\t<div class=\"elementor-widget-container\">\n\t\t\t\t\t\t\t\t\t\t\t\t\t\t\t<img loading=\"lazy\" decoding=\"async\" width=\"48\" height=\"48\" src=\"https:\/\/projetoslayerup.com.br\/totem-sicred\/wp-content\/uploads\/2025\/06\/104px_61-financas-dinheiro-1-1.png\" class=\"attachment-large size-large wp-image-586\" alt=\"\" \/>\t\t\t\t\t\t\t\t\t\t\t\t\t\t\t<\/div>\n\t\t\t\t<\/div>\n\t\t\t\t<div class=\"elementor-element elementor-element-04841e8 elementor-widget elementor-widget-text-editor\" data-id=\"04841e8\" data-element_type=\"widget\" data-widget_type=\"text-editor.default\">\n\t\t\t\t<div class=\"elementor-widget-container\">\n\t\t\t\t\t\t\t\t\t<p>Maior asset da regi\u00e3o Sul<\/p>\t\t\t\t\t\t\t\t<\/div>\n\t\t\t\t<\/div>\n\t\t\t\t<\/div>\n\t\t\t\t<\/div>\n\t\t<div class=\"elementor-element elementor-element-8cf97e3 e-con-full e-flex e-con e-child\" data-id=\"8cf97e3\" data-element_type=\"container\">\n\t\t<div class=\"elementor-element elementor-element-d23c2b0 e-con-full e-flex e-con e-child\" data-id=\"d23c2b0\" data-element_type=\"container\" data-settings=\"{&quot;background_background&quot;:&quot;classic&quot;}\">\n\t\t\t\t<div class=\"elementor-element elementor-element-92acc45 elementor-widget elementor-widget-button\" data-id=\"92acc45\" data-element_type=\"widget\" id=\"btn-open-popup-slick\" data-widget_type=\"button.default\">\n\t\t\t\t<div class=\"elementor-widget-container\">\n\t\t\t\t\t\t\t\t\t<div class=\"elementor-button-wrapper\">\n\t\t\t\t\t<a class=\"elementor-button elementor-size-sm\" role=\"button\">\n\t\t\t\t\t\t<span class=\"elementor-button-content-wrapper\">\n\t\t\t\t\t\t\t\t\t<span class=\"elementor-button-text\">Confira nossa trajet\u00f3ria<\/span>\n\t\t\t\t\t<\/span>\n\t\t\t\t\t<\/a>\n\t\t\t\t<\/div>\n\t\t\t\t\t\t\t\t<\/div>\n\t\t\t\t<\/div>\n\t\t\t\t<\/div>\n\t\t\t\t<div class=\"elementor-element elementor-element-c22718a elementor-widget elementor-widget-shortcode\" data-id=\"c22718a\" data-element_type=\"widget\" data-widget_type=\"shortcode.default\">\n\t\t\t\t<div class=\"elementor-widget-container\">\n\t\t\t\t\t\t\t<div class=\"elementor-shortcode\"><div id=\"modalOverlay\" class=\"modal-overlay\" onclick=\"closeModal(event)\">\n        <div class=\"modal-container\" onclick=\"event.stopPropagation()\">\n            <button class=\"close-button\" onclick=\"closeModal(event)\" aria-label=\"Fechar modal\">\n                <svg xmlns=\"http:\/\/www.w3.org\/2000\/svg\" width=\"56\" height=\"56\" viewBox=\"0 0 56 56\" fill=\"none\">\n                    <g clip-path=\"url(#clip0_207_340)\">\n                        <path d=\"M36.8421 0H19.1579C8.60632 0 0 8.60632 0 19.1579V36.8421C0 47.3937 8.60632 56 19.1579 56H36.8421C47.3937 56 56 47.3937 56 36.8421V19.1579C56 8.60632 47.3937 0 36.8421 0ZM38.9347 34.7495C40.0842 35.8989 40.0842 37.7853 38.9347 38.9347C38.3453 39.4947 37.6084 39.7895 36.8421 39.7895C36.0758 39.7895 35.3389 39.4947 34.7495 38.9347L28 32.1853L21.2505 38.9347C20.6611 39.4947 19.9242 39.7895 19.1579 39.7895C18.3916 39.7895 17.6547 39.4947 17.0653 38.9347C15.9158 37.7853 15.9158 35.8989 17.0653 34.7495L23.8147 28L17.0653 21.2505C15.9158 20.1011 15.9158 18.2147 17.0653 17.0653C18.2147 15.9158 20.1011 15.9158 21.2505 17.0653L28 23.8147L34.7495 17.0653C35.8989 15.9158 37.7853 15.9158 38.9347 17.0653C40.0842 18.2147 40.0842 20.1011 38.9347 21.2505L32.1853 28L38.9347 34.7495Z\" fill=\"#3FA110\"\/>\n                    <\/g>\n                    <defs>\n                        <clipPath id=\"clip0_207_340\">\n                        <rect width=\"56\" height=\"56\" fill=\"white\"\/>\n                        <\/clipPath>\n                    <\/defs>\n                <\/svg>\n            <\/button>\n            \n            <div class=\"modal-content\">\n                <div class=\"header\">\n                    <h2>Uma trajet\u00f3ria<br>de sucesso<\/h2>\n                    <p>Em menos de 10 anos de hist\u00f3ria, consolidamos nossa<br>relev\u00e2ncia como asset e mostramos extrema qualidade nos<br>processos de investimentos.<\/p>\n                <\/div>\n\n                <div class=\"slider-wrapper\">\n                    <button id=\"prev-slide\">\n                        <svg xmlns=\"http:\/\/www.w3.org\/2000\/svg\" width=\"9\" height=\"16\" viewBox=\"0 0 9 16\" fill=\"none\">\n                            <g clip-path=\"url(#clip0_555_732)\">\n                                <path d=\"M0.239319 7.16839L7.60296 0.225539C7.7625 0.0751103 7.97114 -0.000104037 8.18182 -0.000104019C8.3925 -0.000104002 8.60114 0.0751104 8.76068 0.225539C9.07977 0.526396 9.07977 1.01433 8.76068 1.31711L1.97591 7.71418L8.76068 14.1113C9.07977 14.4121 9.07977 14.902 8.76068 15.2028C8.44159 15.5037 7.92205 15.5037 7.60295 15.2028L0.239319 8.25997C-0.0797723 7.95911 -0.0797722 7.47118 0.239319 7.16839Z\" fill=\"#3FA110\"\/>\n                            <\/g>\n                            <defs>\n                                <clipPath id=\"clip0_555_732\">\n                                <rect width=\"9\" height=\"15.4286\" fill=\"white\" transform=\"translate(9 15.4285) rotate(-180)\"\/>\n                                <\/clipPath>\n                            <\/defs>\n                        <\/svg>\n                    <\/button>\n                    <div class=\"nav-slider-slick\">\n                        <div class=\"slide-item\">2016<\/div>\n                        <div class=\"slide-item\">2017<\/div>\n                        <div class=\"slide-item\">2019<\/div>\n                        <div class=\"slide-item\">2020<\/div>\n                        <div class=\"slide-item\">2021<\/div>\n                        <div class=\"slide-item\">2022<\/div>\n                        <div class=\"slide-item\">2023<\/div>\n                        <div class=\"slide-item\">2024<\/div>\n                        <div class=\"slide-item\">2025<\/div>\n                    <\/div>\n                    <button id=\"next-slide\">\n                        <svg xmlns=\"http:\/\/www.w3.org\/2000\/svg\" width=\"9\" height=\"16\" viewBox=\"0 0 9 16\" fill=\"none\">\n                            <g clip-path=\"url(#clip0_555_734)\">\n                                <path d=\"M8.76068 8.26007L1.39705 15.2029C1.2375 15.3534 1.02886 15.4286 0.818182 15.4286C0.6075 15.4286 0.398864 15.3534 0.239318 15.2029C-0.0797727 14.9021 -0.0797727 14.4141 0.239318 14.1114L7.02409 7.71429L0.239318 1.31721C-0.0797727 1.01636 -0.0797727 0.5265 0.239318 0.225643C0.558409 -0.0752143 1.07795 -0.0752143 1.39705 0.225643L8.76068 7.1685C9.07977 7.46936 9.07977 7.95729 8.76068 8.26007Z\" fill=\"#3FA110\"\/>\n                            <\/g>\n                            <defs>\n                                <clipPath id=\"clip0_555_734\">\n                                <rect width=\"9\" height=\"15.4286\" fill=\"white\"\/>\n                                <\/clipPath>\n                            <\/defs>\n                        <\/svg>\n                    <\/button>\n                <\/div>\n                <div class=\"main-slider-slick\">\n                    <div class=\"main-slide-item\">\n                        <div class=\"slide-image\">\n                            <img decoding=\"async\" src=\"https:\/\/projetoslayerup.com.br\/totem-sicred\/wp-content\/uploads\/2025\/06\/Rectangle-5962.png\" alt=\"Ano 2016\" \/>\n                        <\/div>\n                        <div class=\"slide-content\">\n                            <h2 class=\"slide-title\">2016<\/h2>\n                            <p class=\"slide-text\">Nascemos para ampliar as possibilidades de investimento dos associados do Sicredi.<\/p>\n                        <\/div>\n                    <\/div>\n\n                    <div class=\"main-slide-item\">\n                        <div class=\"slide-image\">\n                            <img decoding=\"async\" src=\"https:\/\/projetoslayerup.com.br\/totem-sicred\/wp-content\/uploads\/2025\/06\/Rectangle-5962-7.png\" alt=\"Ano 2017\" \/>\n                        <\/div>\n                        <div class=\"slide-content\">\n                            <h2 class=\"slide-title\">2017<\/h2>\n                            <p class=\"slide-text\">Em dezembro de 2017, j\u00e1 possu\u00edamos aproximadamente R$ 31 bilh\u00f5es sob gest\u00e3o.<\/p>\n                        <\/div>\n                    <\/div>\n\n                    <div class=\"main-slide-item\">\n                        <div class=\"slide-image\">\n                            <img decoding=\"async\" src=\"https:\/\/projetoslayerup.com.br\/totem-sicred\/wp-content\/uploads\/2025\/06\/Rectangle-5962-6.png\" alt=\"Ano 2019\" \/>\n                        <\/div>\n                        <div class=\"slide-content\">\n                            <h2 class=\"slide-title\">2019<\/h2>\n                            <p class=\"slide-text\">O Fundo de Previd\u00eancia Sicredi Fic RF IS Prev Reserva recebeu cinco estrelas em um ranking feito pelo Centro de Estudos em Finan\u00e7as da Escola de Administra\u00e7\u00e3o de Empresas da Funda\u00e7\u00e3o Get\u00falio Vargas (FGV) em parceria com o jornal Valor Econ\u00f4mico.<\/p>\n                        <\/div>\n                    <\/div>\n\n                    <div class=\"main-slide-item\">\n                        <div class=\"slide-image\">\n                            <img decoding=\"async\" src=\"https:\/\/projetoslayerup.com.br\/totem-sicred\/wp-content\/uploads\/2025\/06\/Rectangle-5962-2.png\" alt=\"Ano 2020\" \/>\n                        <\/div>\n                        <div class=\"slide-content\">\n                            <h2 class=\"slide-title\">2020<\/h2>\n                            <p class=\"slide-text\">A Fitch Ratings elevou o rating da Asset do Sicredi de \"Proficiente\" para \"Forte\".<\/p>\n                            <p class=\"slide-text\">Fomos destaque no ranking Top Asset da revista Investidor Institucional: tivemos o 3\u00ba maior crescimento em Recursos Provenientes de Previd\u00eancia Aberta nos 12 meses anteriores.<\/p>\n                        <\/div>\n                    <\/div>\n\n                    <div class=\"main-slide-item\">\n                        <div class=\"slide-image\">\n                            <img decoding=\"async\" src=\"https:\/\/projetoslayerup.com.br\/totem-sicred\/wp-content\/uploads\/2025\/06\/Rectangle-5962-5.png\" alt=\"Ano 2021\" \/>\n                        <\/div>\n                        <div class=\"slide-content\">\n                            <h2 class=\"slide-title\">2021<\/h2>\n                            <p class=\"slide-text\">Conquistamos o primeiro lugar na categoria Money Market para Assets Especialistas na edi\u00e7\u00e3o 2021 do Guia de Fundos FGV 2021.<\/p>\n                        <\/div>\n                    <\/div>\n\n                    <div class=\"main-slide-item\">\n                        <div class=\"slide-image\">\n                            <img decoding=\"async\" src=\"https:\/\/projetoslayerup.com.br\/totem-sicred\/wp-content\/uploads\/2025\/06\/Rectangle-5962-4.png\" alt=\"Ano 2022\" \/>\n                        <\/div>\n                        <div class=\"slide-content\">\n                            <h2 class=\"slide-title\">2022<\/h2>\n                            <p class=\"slide-text\">Ampliamos o portf\u00f3lio de investimentos com lan\u00e7amento da oferta de Renda Vari\u00e1vel.<\/p>\n                            <p class=\"slide-text\">Emitimos a primeira Letra Financeira P\u00fablica Sustent\u00e1vel do Brasil.<\/p>\n                            <p class=\"slide-text\">Conquistamos a 7\u00aa posi\u00e7\u00e3o entre as melhores gestoras de fundos de renda fixa, no ranking \"Top Asset\", da revista Investidor Institucional.<\/p>\n                        <\/div>\n                    <\/div>\n\n                    <div class=\"main-slide-item\">\n                        <div class=\"slide-image\">\n                            <img decoding=\"async\" src=\"https:\/\/projetoslayerup.com.br\/totem-sicred\/wp-content\/uploads\/2025\/06\/Rectangle-5962-3.png\" alt=\"Ano 2023\" \/>\n                        <\/div>\n                        <div class=\"slide-content\">\n                            <h2 class=\"slide-title\">2023<\/h2>\n                            <p class=\"slide-text\">Conquistamos 1\u00ba lugar na categoria Money Market \u2013 grupo de gestoras Especialistas, do Guia de Fundos FGV 2023.<\/p>\n                        <\/div>\n                    <\/div>\n\n                    <div class=\"main-slide-item\">\n                        <div class=\"slide-image\">\n                            <img decoding=\"async\" src=\"https:\/\/projetoslayerup.com.br\/totem-sicred\/wp-content\/uploads\/2025\/06\/Rectangle-5962-2.png\" alt=\"Ano 2024\" \/>\n                        <\/div>\n                        <div class=\"slide-content\">\n                            <h2 class=\"slide-title\">2024<\/h2>\n                            <p class=\"slide-text\">No in\u00edcio do ano, superamos a marca de R$ 100 bilh\u00f5es em ativos sob gest\u00e3o, de acordo com dados da ANBIMA, nos posicionando como 13\u00aa maior asset brasileira em termos de ativos sob gest\u00e3o.<\/p>\n                            <p class=\"slide-text\">Fomos a 2\u00aa melhor Asset do ano na categoria Gestores Especialistas do Guia da FGV, al\u00e9m de obtermos 2\u00ba lugar na categoria Money Market e 3\u00ba lugar na de Segmentos de Investidores \u2013 Atacado.<\/p>\n                        <\/div>\n                    <\/div>\n\n                    <div class=\"main-slide-item\">\n                        <div class=\"slide-image\">\n                            <img decoding=\"async\" src=\"https:\/\/projetoslayerup.com.br\/totem-sicred\/wp-content\/uploads\/2025\/06\/Rectangle-5962-1.png\" alt=\"Ano 2025\" \/>\n                        <\/div>\n                        <div class=\"slide-content\">\n                            <h2 class=\"slide-title\">2025<\/h2>\n                            <p class=\"slide-text\">Seguimos com nosso compromisso em alcan\u00e7armos resultados cada vez mais expressivos, prezando pela qualidade na gest\u00e3o de fundos e olhando para prop\u00f3sitos importantes como o ESG.<\/p>\n                        <\/div>\n                    <\/div>\n                <\/div>\n            <\/div>\n        <\/div>\n    <\/div>\n    <\/div>\n\t\t\t\t\t\t<\/div>\n\t\t\t\t<\/div>\n\t\t<div class=\"elementor-element elementor-element-68df86f e-con-full e-flex e-con e-child\" data-id=\"68df86f\" data-element_type=\"container\" data-settings=\"{&quot;background_background&quot;:&quot;classic&quot;}\">\n\t\t\t\t<div class=\"elementor-element elementor-element-4af18bf elementor-widget elementor-widget-image\" data-id=\"4af18bf\" data-element_type=\"widget\" data-widget_type=\"image.default\">\n\t\t\t\t<div class=\"elementor-widget-container\">\n\t\t\t\t\t\t\t\t\t\t\t\t\t\t\t<img loading=\"lazy\" decoding=\"async\" width=\"118\" height=\"64\" src=\"https:\/\/projetoslayerup.com.br\/totem-sicred\/wp-content\/uploads\/2025\/06\/image-8.png\" class=\"attachment-large size-large wp-image-286\" alt=\"\" \/>\t\t\t\t\t\t\t\t\t\t\t\t\t\t\t<\/div>\n\t\t\t\t<\/div>\n\t\t\t\t<div class=\"elementor-element elementor-element-14373a6 elementor-widget elementor-widget-text-editor\" data-id=\"14373a6\" data-element_type=\"widget\" data-widget_type=\"text-editor.default\">\n\t\t\t\t<div class=\"elementor-widget-container\">\n\t\t\t\t\t\t\t\t\t<p>Classificada como Forte pela Fitch Ratings!<\/p>\t\t\t\t\t\t\t\t<\/div>\n\t\t\t\t<\/div>\n\t\t\t\t<\/div>\n\t\t\t\t<\/div>\n\t\t<div class=\"elementor-element elementor-element-4c1857a e-con-full e-flex e-con e-child\" data-id=\"4c1857a\" data-element_type=\"container\">\n\t\t\t\t<div class=\"elementor-element elementor-element-35ed78f elementor-widget elementor-widget-button\" data-id=\"35ed78f\" data-element_type=\"widget\" data-widget_type=\"button.default\">\n\t\t\t\t<div class=\"elementor-widget-container\">\n\t\t\t\t\t\t\t\t\t<div class=\"elementor-button-wrapper\">\n\t\t\t\t\t<a class=\"elementor-button elementor-button-link elementor-size-sm\" href=\"https:\/\/projetoslayerup.com.br\/totem-sicred\/nossa-filosofia\/\">\n\t\t\t\t\t\t<span class=\"elementor-button-content-wrapper\">\n\t\t\t\t\t\t<span class=\"elementor-button-icon\">\n\t\t\t\t<svg aria-hidden=\"true\" class=\"e-font-icon-svg e-fas-angle-right\" viewBox=\"0 0 256 512\" xmlns=\"http:\/\/www.w3.org\/2000\/svg\"><path d=\"M224.3 273l-136 136c-9.4 9.4-24.6 9.4-33.9 0l-22.6-22.6c-9.4-9.4-9.4-24.6 0-33.9l96.4-96.4-96.4-96.4c-9.4-9.4-9.4-24.6 0-33.9L54.3 103c9.4-9.4 24.6-9.4 33.9 0l136 136c9.5 9.4 9.5 24.6.1 34z\"><\/path><\/svg>\t\t\t<\/span>\n\t\t\t\t\t\t\t\t\t<span class=\"elementor-button-text\">Pr\u00f3xima<\/span>\n\t\t\t\t\t<\/span>\n\t\t\t\t\t<\/a>\n\t\t\t\t<\/div>\n\t\t\t\t\t\t\t\t<\/div>\n\t\t\t\t<\/div>\n\t\t\t\t<\/div>\n\t\t\t\t\t<\/div>\n\t\t\t\t<\/div>\n\t\t\t\t<\/div>\n\t\t\t\t<\/div>\n\t\t","protected":false},"excerpt":{"rendered":"<p>Sobre n\u00f3s A Sicredi Asset Management \u00e9 agestora de recursos do Sicredi Geramos retornos consistentes para nossosinvestidores e, assim, alcan\u00e7amos grandes resultados.\u00a0 No Brasil, somos: 7\u00aa maior asset de renda fixa 7\u00aa maior asset no segmento RPPS 13\u00aa maior asset do pa\u00eds Maior asset da regi\u00e3o Sul Confira nossa trajet\u00f3ria Classificada como Forte pela Fitch [&hellip;]<\/p>\n","protected":false},"author":1,"featured_media":0,"parent":0,"menu_order":0,"comment_status":"closed","ping_status":"closed","template":"","meta":{"footnotes":""},"class_list":["post-266","page","type-page","status-publish","hentry"],"_links":{"self":[{"href":"https:\/\/projetoslayerup.com.br\/totem-sicred\/wp-json\/wp\/v2\/pages\/266","targetHints":{"allow":["GET"]}}],"collection":[{"href":"https:\/\/projetoslayerup.com.br\/totem-sicred\/wp-json\/wp\/v2\/pages"}],"about":[{"href":"https:\/\/projetoslayerup.com.br\/totem-sicred\/wp-json\/wp\/v2\/types\/page"}],"author":[{"embeddable":true,"href":"https:\/\/projetoslayerup.com.br\/totem-sicred\/wp-json\/wp\/v2\/users\/1"}],"replies":[{"embeddable":true,"href":"https:\/\/projetoslayerup.com.br\/totem-sicred\/wp-json\/wp\/v2\/comments?post=266"}],"version-history":[{"count":52,"href":"https:\/\/projetoslayerup.com.br\/totem-sicred\/wp-json\/wp\/v2\/pages\/266\/revisions"}],"predecessor-version":[{"id":649,"href":"https:\/\/projetoslayerup.com.br\/totem-sicred\/wp-json\/wp\/v2\/pages\/266\/revisions\/649"}],"wp:attachment":[{"href":"https:\/\/projetoslayerup.com.br\/totem-sicred\/wp-json\/wp\/v2\/media?parent=266"}],"curies":[{"name":"wp","href":"https:\/\/api.w.org\/{rel}","templated":true}]}}